Last updated on 2024-05-02 09:52:14 CEST.
Flavor | Version | Tinstall | Tcheck | Ttotal | Status | Flags |
---|---|---|---|---|---|---|
r-devel-linux-x86_64-debian-clang | 1.1-9 | 8.54 | 74.96 | 83.50 | OK | |
r-devel-linux-x86_64-debian-gcc | 1.1-9 | 7.22 | 56.39 | 63.61 | OK | |
r-devel-linux-x86_64-fedora-clang | 1.1-9 | 105.46 | OK | |||
r-devel-linux-x86_64-fedora-gcc | 1.1-9 | 100.03 | OK | |||
r-devel-windows-x86_64 | 1.1-9 | 9.00 | 90.00 | 99.00 | OK | |
r-patched-linux-x86_64 | 1.1-9 | 15.70 | 71.92 | 87.62 | OK | |
r-release-linux-x86_64 | 1.1-9 | 9.30 | 69.42 | 78.72 | OK | |
r-release-macos-arm64 | 1.1-9 | 28.00 | OK | |||
r-release-windows-x86_64 | 1.1-9 | 10.00 | 89.00 | 99.00 | OK | |
r-oldrel-macos-arm64 | 1.1-9 | 35.00 | WARN | |||
r-oldrel-macos-x86_64 | 1.1-9 | 82.00 | WARN | |||
r-oldrel-windows-x86_64 | 1.1-9 | 10.00 | 102.00 | 112.00 | OK |
Version: 1.1-9
Check: Rd cross-references
Result: WARN
Missing link or links in documentation object 'bigamma.mckay.Rd':
‘[VGAM]{gammaff.mm}’
See section 'Cross-references' in the 'Writing R Extensions' manual.
Flavors: r-oldrel-macos-arm64, r-oldrel-macos-x86_64
These binaries (installable software) and packages are in development.
They may not be fully stable and should be used with caution. We make no claims about them.
Health stats visible at Monitor.