Last updated on 2025-02-23 15:50:01 CET.
Flavor | Version | Tinstall | Tcheck | Ttotal | Status | Flags |
---|---|---|---|---|---|---|
r-devel-linux-x86_64-debian-clang | 0.1.5 | 23.75 | 82.62 | 106.37 | NOTE | |
r-devel-linux-x86_64-debian-gcc | 0.1.5 | 11.82 | 62.18 | 74.00 | NOTE | |
r-devel-linux-x86_64-fedora-clang | 0.1.5 | 167.17 | NOTE | |||
r-devel-linux-x86_64-fedora-gcc | 0.1.5 | 157.29 | NOTE | |||
r-devel-macos-arm64 | 0.1.5 | 45.00 | OK | |||
r-devel-macos-x86_64 | 0.1.5 | 91.00 | NOTE | |||
r-devel-windows-x86_64 | 0.1.5 | 21.00 | 105.00 | 126.00 | NOTE | |
r-patched-linux-x86_64 | 0.1.5 | 23.70 | 77.86 | 101.56 | OK | |
r-release-linux-x86_64 | 0.1.5 | 20.05 | 76.75 | 96.80 | OK | |
r-release-macos-arm64 | 0.1.5 | 44.00 | OK | |||
r-release-macos-x86_64 | 0.1.5 | 70.00 | OK | |||
r-release-windows-x86_64 | 0.1.5 | 22.00 | 98.00 | 120.00 | OK | |
r-oldrel-macos-arm64 | 0.1.5 | 53.00 | OK | |||
r-oldrel-macos-x86_64 | 0.1.5 | 115.00 | OK | |||
r-oldrel-windows-x86_64 | 0.1.5 | 20.00 | 122.00 | 142.00 | OK |
Version: 0.1.5
Check: DESCRIPTION meta-information
Result: NOTE
Missing dependency on R >= 4.1.0 because package code uses the pipe
|> or function shorthand \(...) syntax added in R 4.1.0.
File(s) using such syntax:
‘vineCopulas.R’
Flavors: r-devel-linux-x86_64-debian-clang, r-devel-linux-x86_64-debian-gcc, r-devel-linux-x86_64-fedora-clang, r-devel-linux-x86_64-fedora-gcc, r-devel-macos-x86_64, r-devel-windows-x86_64
Version: 0.1.5
Check: Rd cross-references
Result: NOTE
Found the following Rd file(s) with Rd \link{} targets missing package
anchors:
BB1Copula-class.Rd: VineCopula-package, joeCopula-class
BB1Copula.Rd: joeCopula, VineCopula-package
BB6Copula-class.Rd: VineCopula-package, joeCopula-class
BB6Copula.Rd: joeCopula, VineCopula-package
BB7Copula-class.Rd: VineCopula-package, joeCopula-class
BB7Copula.Rd: joeCopula, VineCopula-package
BB8Copula-class.Rd: VineCopula-package, joeCopula-class
BB8Copula.Rd: joeCopula, VineCopula-package
BiCop2copula.Rd: copula-class, VineCopula-package, BiCop
ddCopula.Rd: dCopula, pCopula
joeBiCopula-class.Rd: VineCopula-package, copula-package,
joeCopula-class
joeBiCopula.Rd: copula-package, joeCopula-class, VineCopula-package
surClaytonCopula-class.Rd: VineCopula-package
surClaytonCopula.Rd: VineCopula-package
surGumbelCopula-class.Rd: VineCopula-package
surGumbelCopula.Rd: VineCopula-package
tawnT1Copula-class.Rd: VineCopula-package
tawnT1Copula.Rd: VineCopula-package
tawnT2Copula-class.Rd: VineCopula-package
tawnT2Copula.Rd: VineCopula-package
vineCopula-class.Rd: VineCopula-package, RVineMatrix
vineCopula.Rd: RVineMatrix, VineCopula-package
Please provide package anchors for all Rd \link{} targets not in the
package itself and the base packages.
Flavors: r-devel-linux-x86_64-debian-clang, r-devel-linux-x86_64-debian-gcc, r-devel-windows-x86_64
These binaries (installable software) and packages are in development.
They may not be fully stable and should be used with caution. We make no claims about them.
Health stats visible at Monitor.