Last updated on 2025-02-23 19:51:24 CET.
Flavor | Version | Tinstall | Tcheck | Ttotal | Status | Flags |
---|---|---|---|---|---|---|
r-devel-linux-x86_64-debian-clang | 0.3.1 | 5.68 | 243.42 | 249.10 | NOTE | |
r-devel-linux-x86_64-debian-gcc | 0.3.1 | 4.23 | 138.85 | 143.08 | NOTE | |
r-devel-linux-x86_64-fedora-clang | 0.3.1 | 412.76 | NOTE | |||
r-devel-linux-x86_64-fedora-gcc | 0.3.1 | 399.00 | NOTE | |||
r-devel-macos-arm64 | 0.3.1 | 86.00 | NOTE | |||
r-devel-macos-x86_64 | 0.3.1 | 227.00 | NOTE | |||
r-devel-windows-x86_64 | 0.3.1 | 7.00 | 206.00 | 213.00 | NOTE | |
r-patched-linux-x86_64 | 0.3.1 | 5.27 | 229.20 | 234.47 | NOTE | |
r-release-linux-x86_64 | 0.3.1 | 5.63 | 227.74 | 233.37 | NOTE | |
r-release-macos-arm64 | 0.3.1 | 84.00 | NOTE | |||
r-release-macos-x86_64 | 0.3.1 | 166.00 | NOTE | |||
r-release-windows-x86_64 | 0.3.1 | 6.00 | 207.00 | 213.00 | NOTE | |
r-oldrel-macos-arm64 | 0.3.1 | 96.00 | NOTE | |||
r-oldrel-macos-x86_64 | 0.3.1 | 182.00 | NOTE | |||
r-oldrel-windows-x86_64 | 0.3.1 | 6.00 | 298.00 | 304.00 | NOTE |
Version: 0.3.1
Check: Rd files
Result: NOTE
checkRd: (-1) Acoef_sh.Rd:23: Lost braces; missing escapes or markup?
23 | The function returns the K-by-K matrices {A_1, ..., A_p} as a list object.
| ^
checkRd: (-1) VARshrink.Rd:58: Lost braces; missing escapes or markup?
58 | Consider VAR(p) model: y_t = A_1 y_{t-1} + ... + A_p y_{t-p} + C d_t + e_t,
| ^
checkRd: (-1) VARshrink.Rd:58: Lost braces; missing escapes or markup?
58 | Consider VAR(p) model: y_t = A_1 y_{t-1} + ... + A_p y_{t-p} + C d_t + e_t,
| ^
Flavors: r-devel-linux-x86_64-debian-clang, r-devel-linux-x86_64-debian-gcc, r-devel-linux-x86_64-fedora-clang, r-devel-linux-x86_64-fedora-gcc, r-devel-macos-arm64, r-devel-macos-x86_64, r-devel-windows-x86_64, r-patched-linux-x86_64, r-release-linux-x86_64, r-release-macos-arm64, r-release-macos-x86_64, r-release-windows-x86_64
Version: 0.3.1
Check: LazyData
Result: NOTE
'LazyData' is specified without a 'data' directory
Flavors: r-patched-linux-x86_64, r-release-linux-x86_64, r-release-macos-arm64, r-release-macos-x86_64, r-release-windows-x86_64, r-oldrel-macos-arm64, r-oldrel-macos-x86_64, r-oldrel-windows-x86_64
These binaries (installable software) and packages are in development.
They may not be fully stable and should be used with caution. We make no claims about them.
Health stats visible at Monitor.