Last updated on 2025-02-23 19:51:23 CET.
Flavor | Version | Tinstall | Tcheck | Ttotal | Status | Flags |
---|---|---|---|---|---|---|
r-devel-linux-x86_64-debian-clang | 0.1.0 | 9.57 | 85.39 | 94.96 | OK | |
r-devel-linux-x86_64-debian-gcc | 0.1.0 | 6.54 | 58.42 | 64.96 | OK | |
r-devel-linux-x86_64-fedora-clang | 0.1.0 | 142.07 | ERROR | |||
r-devel-linux-x86_64-fedora-gcc | 0.1.0 | 144.91 | ERROR | |||
r-devel-macos-arm64 | 0.1.0 | 50.00 | OK | |||
r-devel-macos-x86_64 | 0.1.0 | 105.00 | OK | |||
r-devel-windows-x86_64 | 0.1.0 | 10.00 | 95.00 | 105.00 | OK | |
r-patched-linux-x86_64 | 0.1.0 | 9.71 | 77.86 | 87.57 | OK | |
r-release-linux-x86_64 | 0.1.0 | 8.30 | 79.03 | 87.33 | OK | |
r-release-macos-arm64 | 0.1.0 | 49.00 | OK | |||
r-release-macos-x86_64 | 0.1.0 | 77.00 | OK | |||
r-release-windows-x86_64 | 0.1.0 | 12.00 | 94.00 | 106.00 | OK | |
r-oldrel-macos-arm64 | 0.1.0 | 57.00 | OK | |||
r-oldrel-macos-x86_64 | 0.1.0 | 110.00 | OK | |||
r-oldrel-windows-x86_64 | 0.1.0 | 14.00 | 113.00 | 127.00 | OK |
Version: 0.1.0
Check: examples
Result: ERROR
Running examples in ‘Unico-Ex.R’ failed
The error most likely occurred in:
> ### Name: Unico
> ### Title: Fitting the Unico model
> ### Aliases: Unico
>
> ### ** Examples
>
> data = simulate_data(n=100, m=2, k=3, p1=1, p2=1, taus_std=0, log_file=NULL)
> res = list()
> res$params.hat = Unico(data$X, data$W, data$C1, data$C2, parallel=FALSE, log_file=NULL)
Error in is.nloptr(ret) : at least one element in x0 < lb
Calls: Unico ... lapply -> FUN -> fit_mean_var -> nloptr -> is.nloptr
Execution halted
Flavors: r-devel-linux-x86_64-fedora-clang, r-devel-linux-x86_64-fedora-gcc
These binaries (installable software) and packages are in development.
They may not be fully stable and should be used with caution. We make no claims about them.
Health stats visible at Monitor.