Last updated on 2025-02-23 15:50:01 CET.
Flavor | Version | Tinstall | Tcheck | Ttotal | Status | Flags |
---|---|---|---|---|---|---|
r-devel-linux-x86_64-debian-clang | 0.0-0 | 13.81 | 22.60 | 36.41 | NOTE | |
r-devel-linux-x86_64-debian-gcc | 0.0-0 | 11.25 | 18.22 | 29.47 | NOTE | |
r-devel-linux-x86_64-fedora-clang | 0.0-0 | 63.04 | NOTE | |||
r-devel-linux-x86_64-fedora-gcc | 0.0-0 | 65.44 | NOTE | |||
r-devel-macos-arm64 | 0.0-0 | 22.00 | NOTE | |||
r-devel-macos-x86_64 | 0.0-0 | 37.00 | NOTE | |||
r-devel-windows-x86_64 | 0.0-0 | 16.00 | 64.00 | 80.00 | NOTE | |
r-patched-linux-x86_64 | 0.0-0 | 16.40 | 21.39 | 37.79 | NOTE | |
r-release-linux-x86_64 | 0.0-0 | 14.99 | 21.47 | 36.46 | NOTE | |
r-release-macos-arm64 | 0.0-0 | 22.00 | NOTE | |||
r-release-macos-x86_64 | 0.0-0 | 34.00 | NOTE | |||
r-release-windows-x86_64 | 0.0-0 | 16.00 | 62.00 | 78.00 | NOTE | |
r-oldrel-macos-arm64 | 0.0-0 | 25.00 | OK | |||
r-oldrel-macos-x86_64 | 0.0-0 | 36.00 | OK | |||
r-oldrel-windows-x86_64 | 0.0-0 | 20.00 | 68.00 | 88.00 | OK |
Version: 0.0-0
Check: Rd files
Result: NOTE
checkRd: (-1) reg_1d.Rd:42: Lost braces; missing escapes or markup?
42 | \item Metric input is not in {1,2,3}: Metric does not exist
| ^
checkRd: (-1) reg_2d.Rd:33: Lost braces; missing escapes or markup?
33 | \item Metric input is not in {1,2,3}: Metric does not exist
| ^
Flavors: r-devel-linux-x86_64-debian-clang, r-devel-linux-x86_64-debian-gcc, r-devel-linux-x86_64-fedora-clang, r-devel-linux-x86_64-fedora-gcc, r-devel-macos-arm64, r-devel-macos-x86_64, r-devel-windows-x86_64, r-patched-linux-x86_64, r-release-linux-x86_64, r-release-macos-arm64, r-release-macos-x86_64, r-release-windows-x86_64
These binaries (installable software) and packages are in development.
They may not be fully stable and should be used with caution. We make no claims about them.
Health stats visible at Monitor.