Last updated on 2025-02-23 13:51:28 CET.
Flavor | Version | Tinstall | Tcheck | Ttotal | Status | Flags |
---|---|---|---|---|---|---|
r-devel-linux-x86_64-debian-clang | 1.1.1 | 1.88 | 30.45 | 32.33 | NOTE | |
r-devel-linux-x86_64-debian-gcc | 1.1.1 | 1.46 | 23.31 | 24.77 | NOTE | |
r-devel-linux-x86_64-fedora-clang | 1.1.1 | 51.30 | NOTE | |||
r-devel-linux-x86_64-fedora-gcc | 1.1.1 | 49.58 | NOTE | |||
r-devel-macos-arm64 | 1.1.1 | 22.00 | NOTE | |||
r-devel-macos-x86_64 | 1.1.1 | 38.00 | NOTE | |||
r-devel-windows-x86_64 | 1.1.1 | 3.00 | 59.00 | 62.00 | NOTE | |
r-patched-linux-x86_64 | 1.1.1 | 1.97 | 29.46 | 31.43 | NOTE | |
r-release-linux-x86_64 | 1.1.1 | 1.90 | 28.76 | 30.66 | NOTE | |
r-release-macos-arm64 | 1.1.1 | 20.00 | NOTE | |||
r-release-macos-x86_64 | 1.1.1 | 30.00 | NOTE | |||
r-release-windows-x86_64 | 1.1.1 | 3.00 | 51.00 | 54.00 | NOTE | |
r-oldrel-macos-arm64 | 1.1.1 | 23.00 | OK | |||
r-oldrel-macos-x86_64 | 1.1.1 | 32.00 | OK | |||
r-oldrel-windows-x86_64 | 1.1.1 | 5.00 | 58.00 | 63.00 | OK |
Version: 1.1.1
Check: Rd files
Result: NOTE
checkRd: (-1) UNPaC_Copula.Rd:59: Lost braces; missing escapes or markup?
59 | \item{\code{selected_features}}: {A vector of integers indicating the features retained by the feature filtering process.}
| ^
checkRd: (-1) UNPaC_Copula.Rd:60: Lost braces; missing escapes or markup?
60 | \item{\code{sim_CI}}: {vector containing the cluster indices for each generated unimodal reference distribution}
| ^
checkRd: (-1) UNPaC_Copula.Rd:61-62: Lost braces
61 | \item{\code{pvalue_emp}}: {the empirical p-value: the proportion of times the cluster index from the reference
| ^
checkRd: (-1) UNPaC_Copula.Rd:63: Lost braces; missing escapes or markup?
63 | \item{\code{pvalue_norm}}: {the normalized p-value: the simulated p-value based on comparison to a standard normal distribution }
| ^
checkRd: (-1) UNPaC_num_clust.Rd:58-62: Lost braces
58 | \item{\code{BestK}}: {A matrix with 1 row and 4 columns named: "Max_CI","Max_CI_wi_1SE","Max_scaled_CI" and "Max_logWCSS_wi_1SE".
| ^
checkRd: (-1) UNPaC_num_clust.Rd:63-65: Lost braces
63 | \item{\code{full_process}}: {A matrix containing the number of clusters, K, evaluated, the CI from the data, the average CI from the null
| ^
checkRd: (-1) UNPaC_num_clust.Rd:66: Lost braces; missing escapes or markup?
66 | \item{\code{selected_features}}: {A vector of integers indicating the features retained by the feature filtering process.}}
| ^
Flavors: r-devel-linux-x86_64-debian-clang, r-devel-linux-x86_64-debian-gcc, r-devel-linux-x86_64-fedora-clang, r-devel-linux-x86_64-fedora-gcc, r-devel-macos-arm64, r-devel-macos-x86_64, r-devel-windows-x86_64, r-patched-linux-x86_64, r-release-linux-x86_64, r-release-macos-arm64, r-release-macos-x86_64, r-release-windows-x86_64
These binaries (installable software) and packages are in development.
They may not be fully stable and should be used with caution. We make no claims about them.
Health stats visible at Monitor.