Last updated on 2025-10-10 03:51:20 CEST.
Flavor | Version | Tinstall | Tcheck | Ttotal | Status | Flags |
---|---|---|---|---|---|---|
r-devel-linux-x86_64-debian-clang | 0.4.0 | 15.55 | 120.03 | 135.58 | OK | |
r-devel-linux-x86_64-debian-gcc | 1.0.1 | 9.35 | 177.72 | 187.07 | OK | |
r-devel-linux-x86_64-fedora-clang | 1.0.1 | 492.86 | OK | |||
r-devel-linux-x86_64-fedora-gcc | 1.0.1 | 499.29 | OK | |||
r-devel-windows-x86_64 | 1.0.1 | 25.00 | 308.00 | 333.00 | OK | |
r-patched-linux-x86_64 | 0.4.0 | 14.79 | 114.31 | 129.10 | OK | |
r-release-linux-x86_64 | 0.4.0 | 15.83 | 114.28 | 130.11 | OK | |
r-release-macos-arm64 | 1.0.1 | 140.00 | ERROR | |||
r-release-macos-x86_64 | 1.0.1 | 322.00 | OK | |||
r-release-windows-x86_64 | 1.0.1 | 17.00 | 293.00 | 310.00 | OK | |
r-oldrel-macos-arm64 | 1.0.1 | 141.00 | ERROR | |||
r-oldrel-macos-x86_64 | 1.0.1 | 287.00 | OK | |||
r-oldrel-windows-x86_64 | 1.0.1 | 20.00 | 358.00 | 378.00 | OK |
Version: 1.0.1
Check: tests
Result: ERROR
Running ‘testthat.R’ [35s/48s]
Running the tests in ‘tests/testthat.R’ failed.
Complete output:
> # This file is part of the standard setup for testthat.
> # It is recommended that you do not modify it.
> #
> # Where should you do additional test configuration?
> # Learn more about the roles of various files in:
> # * https://r-pkgs.org/testing-design.html#sec-tests-files-overview
> # * https://testthat.r-lib.org/articles/special-files.html
>
> library(testthat)
> library(UKFE)
>
> test_check("UKFE")
Attaching package: 'evd'
The following object is masked from 'package:lmomco':
pp
[1] "BFIHOST19 is not in the xml file and has been replaced by BFIHOST"
[1] "One or more catchment descriptors are missing from the xml file"
Attaching package: 'dplyr'
The following object is masked from 'package:testthat':
matches
The following objects are masked from 'package:stats':
filter, lag
The following objects are masked from 'package:base':
intersect, setdiff, setequal, union
[1] "Warning: iug = TRUE and the closest site in catchment descriptor space has URBEXT2000 < UrbMax. Group formed as if iug = FALSE"
[1] "URBEXT > 0.03, urban adjustment is recommended"
[1] "Peaks per year: 1.867263"
[1] "Peaks per year: 1.867263"
[1] "Peaks per year: 1.867263"
[1] "Peaks per year: 1.867263"
[1] "Peaks per year: 1.867263"
[1] "Peaks per year: 1.867263"
[1] "Peaks per year: 1.867263"
[1] "Peaks per year: 1.867263"
[1] "Peaks per year: 1.867263"
[1] "Peaks per year: 1.867263"
[1] "Peaks per year: 1.867263"
[1] "Peaks per year: 1.867263"
[1] "Peaks per year: 1.867263"
[1] "Peaks per year: 1.867263"
[1] "Peaks per year: 1.867263"
[1] "URBEXT > 0.03, urban adjustment is recommended"
[1] "URBEXT > 0.03, urban adjustment is recommended"
[ FAIL 1 | WARN 0 | SKIP 0 | PASS 1636 ]
══ Failed tests ════════════════════════════════════════════════════════════════
── Failure ('test-All.R:1602:3'): LKurt returns NaN for constant vector ────────
is.nan(result) is not TRUE
`actual`: FALSE
`expected`: TRUE
[ FAIL 1 | WARN 0 | SKIP 0 | PASS 1636 ]
Error: Test failures
Execution halted
Flavor: r-release-macos-arm64
Version: 1.0.1
Check: tests
Result: ERROR
Running ‘testthat.R’ [35s/46s]
Running the tests in ‘tests/testthat.R’ failed.
Complete output:
> # This file is part of the standard setup for testthat.
> # It is recommended that you do not modify it.
> #
> # Where should you do additional test configuration?
> # Learn more about the roles of various files in:
> # * https://r-pkgs.org/testing-design.html#sec-tests-files-overview
> # * https://testthat.r-lib.org/articles/special-files.html
>
> library(testthat)
> library(UKFE)
>
> test_check("UKFE")
Attaching package: 'evd'
The following object is masked from 'package:lmomco':
pp
[1] "BFIHOST19 is not in the xml file and has been replaced by BFIHOST"
[1] "One or more catchment descriptors are missing from the xml file"
Attaching package: 'dplyr'
The following object is masked from 'package:testthat':
matches
The following objects are masked from 'package:stats':
filter, lag
The following objects are masked from 'package:base':
intersect, setdiff, setequal, union
[1] "Warning: iug = TRUE and the closest site in catchment descriptor space has URBEXT2000 < UrbMax. Group formed as if iug = FALSE"
[1] "URBEXT > 0.03, urban adjustment is recommended"
[1] "Peaks per year: 1.867263"
[1] "Peaks per year: 1.867263"
[1] "Peaks per year: 1.867263"
[1] "Peaks per year: 1.867263"
[1] "Peaks per year: 1.867263"
[1] "Peaks per year: 1.867263"
[1] "Peaks per year: 1.867263"
[1] "Peaks per year: 1.867263"
[1] "Peaks per year: 1.867263"
[1] "Peaks per year: 1.867263"
[1] "Peaks per year: 1.867263"
[1] "Peaks per year: 1.867263"
[1] "Peaks per year: 1.867263"
[1] "Peaks per year: 1.867263"
[1] "Peaks per year: 1.867263"
[1] "URBEXT > 0.03, urban adjustment is recommended"
[1] "URBEXT > 0.03, urban adjustment is recommended"
[ FAIL 1 | WARN 0 | SKIP 0 | PASS 1636 ]
══ Failed tests ════════════════════════════════════════════════════════════════
── Failure ('test-All.R:1602:3'): LKurt returns NaN for constant vector ────────
is.nan(result) is not TRUE
`actual`: FALSE
`expected`: TRUE
[ FAIL 1 | WARN 0 | SKIP 0 | PASS 1636 ]
Error: Test failures
Execution halted
Flavor: r-oldrel-macos-arm64
These binaries (installable software) and packages are in development.
They may not be fully stable and should be used with caution. We make no claims about them.
Health stats visible at Monitor.