Last updated on 2024-05-02 11:51:38 CEST.
Flavor | Version | Tinstall | Tcheck | Ttotal | Status | Flags |
---|---|---|---|---|---|---|
r-devel-linux-x86_64-debian-clang | 2.2.2 | 52.27 | 181.13 | 233.40 | NOTE | |
r-devel-linux-x86_64-debian-gcc | 2.2.2 | 41.46 | 149.30 | 190.76 | NOTE | |
r-devel-linux-x86_64-fedora-clang | 2.2.2 | 310.79 | NOTE | |||
r-devel-linux-x86_64-fedora-gcc | 2.2.2 | 344.28 | NOTE | |||
r-devel-windows-x86_64 | 2.2.2 | 41.00 | 232.00 | 273.00 | NOTE | |
r-patched-linux-x86_64 | 2.2.2 | 56.10 | 201.16 | 257.26 | NOTE | |
r-release-linux-x86_64 | 2.2.2 | 50.85 | 195.20 | 246.05 | NOTE | |
r-release-macos-arm64 | 2.2.2 | 143.00 | NOTE | |||
r-release-windows-x86_64 | 2.2.2 | 42.00 | 248.00 | 290.00 | NOTE | |
r-oldrel-macos-arm64 | 2.2.2 | 161.00 | NOTE | |||
r-oldrel-macos-x86_64 | 2.2.2 | 256.00 | NOTE | |||
r-oldrel-windows-x86_64 | 2.2.2 | 52.00 | 249.00 | 301.00 | NOTE |
Version: 2.2.2
Check: C++ specification
Result: NOTE
Specified C++11: please drop specification unless essential
Flavors: r-devel-linux-x86_64-debian-clang, r-devel-linux-x86_64-debian-gcc, r-devel-linux-x86_64-fedora-clang, r-devel-linux-x86_64-fedora-gcc, r-devel-windows-x86_64, r-patched-linux-x86_64, r-release-linux-x86_64, r-release-macos-arm64, r-release-windows-x86_64, r-oldrel-macos-arm64, r-oldrel-macos-x86_64, r-oldrel-windows-x86_64
Version: 2.2.2
Check: package subdirectories
Result: NOTE
Problems with news in ‘NEWS.md’:
Cannot extract version info from the following section titles:
Changes
Flavors: r-devel-linux-x86_64-debian-clang, r-devel-linux-x86_64-debian-gcc, r-devel-linux-x86_64-fedora-clang, r-devel-linux-x86_64-fedora-gcc, r-devel-windows-x86_64, r-patched-linux-x86_64, r-release-linux-x86_64, r-release-macos-arm64, r-release-windows-x86_64, r-oldrel-macos-arm64, r-oldrel-macos-x86_64, r-oldrel-windows-x86_64
Version: 2.2.2
Check: Rd files
Result: NOTE
checkRd: (-1) cholperm.Rd:21: Lost braces in \itemize; \value handles \item{}{} directly
checkRd: (-1) cholperm.Rd:22: Lost braces in \itemize; \value handles \item{}{} directly
checkRd: (-1) cholperm.Rd:23: Lost braces in \itemize; \value handles \item{}{} directly
checkRd: (-1) cholperm.Rd:24: Lost braces in \itemize; \value handles \item{}{} directly
checkRd: (-1) dot-cholpermGB.Rd:19: Lost braces in \itemize; \value handles \item{}{} directly
checkRd: (-1) dot-cholpermGB.Rd:20: Lost braces in \itemize; \value handles \item{}{} directly
checkRd: (-1) dot-cholpermGB.Rd:21: Lost braces in \itemize; \value handles \item{}{} directly
checkRd: (-1) dot-cholpermGB.Rd:22: Lost braces in \itemize; \value handles \item{}{} directly
checkRd: (-1) dot-cholpermGGE.Rd:19: Lost braces in \itemize; \value handles \item{}{} directly
checkRd: (-1) dot-cholpermGGE.Rd:20: Lost braces in \itemize; \value handles \item{}{} directly
checkRd: (-1) dot-cholpermGGE.Rd:21: Lost braces in \itemize; \value handles \item{}{} directly
checkRd: (-1) dot-cholpermGGE.Rd:22: Lost braces in \itemize; \value handles \item{}{} directly
checkRd: (-1) mvNcdf.Rd:21: Lost braces in \itemize; \value handles \item{}{} directly
checkRd: (-1) mvNcdf.Rd:22: Lost braces in \itemize; \value handles \item{}{} directly
checkRd: (-1) mvNcdf.Rd:23: Lost braces in \itemize; \value handles \item{}{} directly
checkRd: (-1) mvNqmc.Rd:21: Lost braces in \itemize; \value handles \item{}{} directly
checkRd: (-1) mvNqmc.Rd:22: Lost braces in \itemize; \value handles \item{}{} directly
checkRd: (-1) mvNqmc.Rd:23: Lost braces in \itemize; \value handles \item{}{} directly
checkRd: (-1) mvTcdf.Rd:23: Lost braces in \itemize; \value handles \item{}{} directly
checkRd: (-1) mvTcdf.Rd:24: Lost braces in \itemize; \value handles \item{}{} directly
checkRd: (-1) mvTcdf.Rd:25: Lost braces in \itemize; \value handles \item{}{} directly
checkRd: (-1) mvTqmc.Rd:23: Lost braces in \itemize; \value handles \item{}{} directly
checkRd: (-1) mvTqmc.Rd:24: Lost braces in \itemize; \value handles \item{}{} directly
checkRd: (-1) mvTqmc.Rd:25: Lost braces in \itemize; \value handles \item{}{} directly
checkRd: (-1) mvrandn.Rd:31-36: Lost braces in \itemize; meant \describe ?
checkRd: (-1) mvrandn.Rd:37-44: Lost braces in \itemize; meant \describe ?
Flavors: r-devel-linux-x86_64-debian-clang, r-devel-linux-x86_64-debian-gcc, r-devel-linux-x86_64-fedora-clang, r-devel-linux-x86_64-fedora-gcc, r-devel-windows-x86_64, r-patched-linux-x86_64, r-release-linux-x86_64, r-release-macos-arm64, r-release-windows-x86_64
These binaries (installable software) and packages are in development.
They may not be fully stable and should be used with caution. We make no claims about them.
Health stats visible at Monitor.