Last updated on 2025-05-15 07:49:54 CEST.
Flavor | Version | Tinstall | Tcheck | Ttotal | Status | Flags |
---|---|---|---|---|---|---|
r-devel-linux-x86_64-debian-clang | 1.4.1 | 6.26 | 34.92 | 41.18 | NOTE | |
r-devel-linux-x86_64-debian-gcc | 1.4.1 | 4.28 | 25.99 | 30.27 | NOTE | |
r-devel-linux-x86_64-fedora-clang | 1.4.1 | 61.44 | NOTE | |||
r-devel-linux-x86_64-fedora-gcc | 1.4.1 | 60.48 | NOTE | |||
r-devel-windows-x86_64 | 1.4.1 | 8.00 | 66.00 | 74.00 | OK | |
r-patched-linux-x86_64 | 1.4.1 | 7.42 | 32.12 | 39.54 | OK | |
r-release-linux-x86_64 | 1.4.1 | 5.18 | 32.33 | 37.51 | OK | |
r-release-macos-arm64 | 1.4.1 | OK | ||||
r-release-macos-x86_64 | 1.4.1 | 36.00 | OK | |||
r-release-windows-x86_64 | 1.4.1 | 10.00 | 71.00 | 81.00 | OK | |
r-oldrel-macos-arm64 | 1.4.1 | 21.00 | OK | |||
r-oldrel-macos-x86_64 | 1.4.1 | 35.00 | OK | |||
r-oldrel-windows-x86_64 | 1.4.1 | 11.00 | 65.00 | 76.00 | OK |
Version: 1.4.1
Check: CRAN incoming feasibility
Result: NOTE
Maintainer: ‘Vicky Qian Wu <wuqian7@gmail.com>’
No Authors@R field in DESCRIPTION.
Please add one, modifying
Authors@R: c(person(given = c("Ed", "Zhang", ";", "Vicky", "Qian", "Wu", ";", "Shein-Chung", "Chow", ";", "Harry"),
family = "G.Zhang",
role = "aut",
email = "ed.zhang.jr@gmail.com",
comment = "Quality check"),
person(given = c("Vicky", "Qian"),
family = "Wu",
role = "cre",
email = "wuqian7@gmail.com"))
as necessary.
Flavors: r-devel-linux-x86_64-debian-clang, r-devel-linux-x86_64-debian-gcc
Version: 1.4.1
Check: compiled code
Result: NOTE
File ‘TrialSize/libs/TrialSize.so’:
Found no calls to: ‘R_registerRoutines’, ‘R_useDynamicSymbols’
It is good practice to register native routines and to disable symbol
search.
See ‘Writing portable packages’ in the ‘Writing R Extensions’ manual.
Flavors: r-devel-linux-x86_64-fedora-clang, r-devel-linux-x86_64-fedora-gcc
These binaries (installable software) and packages are in development.
They may not be fully stable and should be used with caution. We make no claims about them.
Health stats visible at Monitor.