Last updated on 2025-02-02 07:50:29 CET.
Flavor | Version | Tinstall | Tcheck | Ttotal | Status | Flags |
---|---|---|---|---|---|---|
r-devel-linux-x86_64-debian-clang | 0.3.0 | 2.78 | 45.83 | 48.61 | NOTE | |
r-devel-linux-x86_64-debian-gcc | 0.3.0 | 2.00 | 36.30 | 38.30 | NOTE | |
r-devel-linux-x86_64-fedora-clang | 0.3.0 | 79.38 | NOTE | |||
r-devel-linux-x86_64-fedora-gcc | 0.3.0 | 86.23 | NOTE | |||
r-devel-windows-x86_64 | 0.3.0 | 4.00 | 122.00 | 126.00 | NOTE | |
r-patched-linux-x86_64 | 0.3.0 | 2.59 | 43.47 | 46.06 | NOTE | |
r-release-linux-x86_64 | 0.3.0 | 2.59 | 43.63 | 46.22 | NOTE | |
r-release-macos-arm64 | 0.3.0 | 63.00 | NOTE | |||
r-release-macos-x86_64 | 0.3.0 | 87.00 | NOTE | |||
r-release-windows-x86_64 | 0.3.0 | 4.00 | 0.00 | 4.00 | FAIL | |
r-oldrel-macos-arm64 | 0.3.0 | 6.00 | ERROR | |||
r-oldrel-macos-x86_64 | 0.3.0 | 125.00 | NOTE | |||
r-oldrel-windows-x86_64 | 0.3.0 | 5.00 | 150.00 | 155.00 | NOTE |
Version: 0.3.0
Check: package subdirectories
Result: NOTE
Problems with news in ‘NEWS.md’:
No news entries found.
Flavors: r-devel-linux-x86_64-debian-clang, r-devel-linux-x86_64-debian-gcc, r-devel-linux-x86_64-fedora-clang, r-devel-linux-x86_64-fedora-gcc, r-devel-windows-x86_64, r-patched-linux-x86_64, r-release-linux-x86_64, r-release-macos-arm64, r-release-macos-x86_64, r-release-windows-x86_64, r-oldrel-macos-x86_64, r-oldrel-windows-x86_64
Version: 0.3.0
Check: PDF version of manual
Result: FAIL
Check process probably crashed or hung up for 20 minutes ... killed
Most likely this happened in the example checks (?),
if not, ignore the following last lines of example output:
> ### Name: pick_target.snp
> ### Title: Pick target SNPs in the pathway
> ### Aliases: pick_target.snp
>
> ### ** Examples
>
> m.file <- file.path(system.file(package = "TriadSim"),'extdata/pop1_4chr_mom')
> f.file <- file.path(system.file(package = "TriadSim"),'extdata/pop1_4chr_dad')
> picked.target <- pick_target.snp(c(m.file,f.file),0.05, 8)
[1] 21 118 121 140 155 168 218 383
> cat('Target SNPs picked:',picked.target[[2]],'\n')
Target SNPs picked: 21 118 121 140 155 168 218 383
>
>
>
> ### * <FOOTER>
> ###
> cleanEx()
> options(digits = 7L)
> base::cat("Time elapsed: ", proc.time() - base::get("ptime", pos = 'CheckExEnv'),"\n")
Time elapsed: 2.8 0.24 3.03 NA NA
> grDevices::dev.off()
null device
1
> ###
> ### Local variables: ***
> ### mode: outline-minor ***
> ### outline-regexp: "\\(> \\)?### [*]+" ***
> ### End: ***
> quit('no')
======== End of example output (where/before crash/hang up occured ?) ========
Flavor: r-release-windows-x86_64
Version: 0.3.0
Check: package dependencies
Result: ERROR
Package required but not available: ‘snpStats’
See section ‘The DESCRIPTION file’ in the ‘Writing R Extensions’
manual.
Flavor: r-oldrel-macos-arm64
These binaries (installable software) and packages are in development.
They may not be fully stable and should be used with caution. We make no claims about them.
Health stats visible at Monitor.