Last updated on 2025-02-02 07:50:29 CET.
Flavor | Version | Tinstall | Tcheck | Ttotal | Status | Flags |
---|---|---|---|---|---|---|
r-devel-linux-x86_64-debian-clang | 1.0.2 | 150.77 | 168.31 | 319.08 | NOTE | |
r-devel-linux-x86_64-debian-gcc | 1.0.2 | 154.57 | 134.81 | 289.38 | NOTE | |
r-devel-linux-x86_64-fedora-clang | 1.0.2 | 553.58 | NOTE | |||
r-devel-linux-x86_64-fedora-gcc | 1.0.2 | 649.38 | NOTE | |||
r-devel-windows-x86_64 | 1.0.2 | 146.00 | 200.00 | 346.00 | NOTE | |
r-patched-linux-x86_64 | 1.0.2 | 195.04 | 179.04 | 374.08 | NOTE | |
r-release-linux-x86_64 | 1.0.2 | 183.80 | 178.23 | 362.03 | NOTE | |
r-release-macos-arm64 | 1.0.2 | 82.00 | NOTE | |||
r-release-macos-x86_64 | 1.0.2 | 146.00 | NOTE | |||
r-release-windows-x86_64 | 1.0.2 | 155.00 | 202.00 | 357.00 | NOTE | |
r-oldrel-macos-arm64 | 1.0.2 | 249.00 | NOTE | |||
r-oldrel-macos-x86_64 | 1.0.2 | 451.00 | NOTE | |||
r-oldrel-windows-x86_64 | 1.0.2 | 202.00 | 250.00 | 452.00 | NOTE |
Version: 1.0.2
Check: Rd files
Result: NOTE
checkRd: (-1) coef.tridim_transformation.Rd:31: Lost braces
31 | If summary=TRUE, a data.frame with columns "dv{index}" with mean for each dependent
| ^
checkRd: (-1) coef.tridim_transformation.Rd:32: Lost braces
32 | variable plus optional quantiles columns with names "dv{index}_{quantile}".
| ^
checkRd: (-1) coef.tridim_transformation.Rd:32: Lost braces; missing escapes or markup?
32 | variable plus optional quantiles columns with names "dv{index}_{quantile}".
| ^
checkRd: (-1) predict.tridim_transformation.Rd:24: Lost braces
24 | If summary=TRUE, a data.frame with columns "dv{index}" with mean for each dependent
| ^
checkRd: (-1) predict.tridim_transformation.Rd:25: Lost braces
25 | variable plus optional quantiles columns with names "dv{index}_{quantile}".
| ^
checkRd: (-1) predict.tridim_transformation.Rd:25: Lost braces; missing escapes or markup?
25 | variable plus optional quantiles columns with names "dv{index}_{quantile}".
| ^
checkRd: (-1) variable_summary.Rd:18: Lost braces; missing escapes or markup?
18 | data.frame with "{var_name}" column for the mean and
| ^
checkRd: (-1) variable_summary.Rd:19: Lost braces; missing escapes or markup?
19 | "{var_name}_{prob}" columns for each probability.
| ^
checkRd: (-1) variable_summary.Rd:19: Lost braces; missing escapes or markup?
19 | "{var_name}_{prob}" columns for each probability.
| ^
Flavors: r-devel-linux-x86_64-debian-clang, r-devel-linux-x86_64-debian-gcc, r-devel-linux-x86_64-fedora-clang, r-devel-linux-x86_64-fedora-gcc, r-devel-windows-x86_64, r-patched-linux-x86_64, r-release-linux-x86_64, r-release-macos-arm64, r-release-macos-x86_64, r-release-windows-x86_64
Version: 1.0.2
Check: Rd cross-references
Result: NOTE
Found the following Rd file(s) with Rd \link{} targets missing package
anchors:
TriDimRegression-package.Rd: loo, waic
waic.tridim_transformation.Rd: loo-package
Please provide package anchors for all Rd \link{} targets not in the
package itself and the base packages.
Flavors: r-devel-linux-x86_64-debian-clang, r-devel-linux-x86_64-debian-gcc, r-devel-windows-x86_64
Version: 1.0.2
Check: for GNU extensions in Makefiles
Result: NOTE
GNU make is a SystemRequirements.
Flavors: r-patched-linux-x86_64, r-release-linux-x86_64, r-release-macos-arm64, r-release-macos-x86_64, r-release-windows-x86_64, r-oldrel-macos-arm64, r-oldrel-macos-x86_64, r-oldrel-windows-x86_64
Version: 1.0.2
Check: installed package size
Result: NOTE
installed size is 52.9Mb
sub-directories of 1Mb or more:
libs 52.4Mb
Flavors: r-release-macos-arm64, r-release-macos-x86_64, r-oldrel-macos-arm64, r-oldrel-macos-x86_64
These binaries (installable software) and packages are in development.
They may not be fully stable and should be used with caution. We make no claims about them.
Health stats visible at Monitor.