Last updated on 2024-05-02 09:52:12 CEST.
Flavor | Version | Tinstall | Tcheck | Ttotal | Status | Flags |
---|---|---|---|---|---|---|
r-devel-linux-x86_64-debian-clang | 1.2.3 | 61.04 | 377.08 | 438.12 | OK | |
r-devel-linux-x86_64-debian-gcc | 1.2.3 | 45.05 | 303.42 | 348.47 | OK | |
r-devel-linux-x86_64-fedora-clang | 1.2.3 | 588.53 | OK | |||
r-devel-linux-x86_64-fedora-gcc | 1.2.3 | 584.54 | OK | |||
r-devel-windows-x86_64 | 1.2.3 | 46.00 | 376.00 | 422.00 | OK | |
r-patched-linux-x86_64 | 1.2.3 | 53.41 | 421.87 | 475.28 | OK | |
r-release-linux-x86_64 | 1.2.3 | 53.64 | 419.31 | 472.95 | OK | |
r-release-macos-arm64 | 1.2.3 | 165.00 | NOTE | |||
r-release-windows-x86_64 | 1.2.3 | 48.00 | 379.00 | 427.00 | ERROR | |
r-oldrel-macos-arm64 | 1.2.3 | 186.00 | NOTE | |||
r-oldrel-macos-x86_64 | 1.2.3 | 439.00 | NOTE | |||
r-oldrel-windows-x86_64 | 1.2.3 | 56.00 | 427.00 | 483.00 | OK |
Version: 1.2.3
Check: installed package size
Result: NOTE
installed size is 5.8Mb
sub-directories of 1Mb or more:
doc 1.7Mb
libs 3.5Mb
Flavors: r-release-macos-arm64, r-oldrel-macos-arm64, r-oldrel-macos-x86_64
Version: 1.2.3
Check: re-building of vignette outputs
Result: ERROR
Error(s) in re-building vignettes:
--- re-building 'TiPS.Rmd' using rmarkdown
Quitting from lines at lines 424-426 [unnamed-chunk-41] (TiPS.Rmd)
Error: processing vignette 'TiPS.Rmd' failed with diagnostics:
plot.new has not been called yet
--- failed re-building 'TiPS.Rmd'
SUMMARY: processing the following file failed:
'TiPS.Rmd'
Error: Vignette re-building failed.
Execution halted
Flavor: r-release-windows-x86_64
These binaries (installable software) and packages are in development.
They may not be fully stable and should be used with caution. We make no claims about them.
Health stats visible at Monitor.