Last updated on 2025-05-15 11:50:18 CEST.
Flavor | Version | Tinstall | Tcheck | Ttotal | Status | Flags |
---|---|---|---|---|---|---|
r-devel-linux-x86_64-debian-clang | 0.0.2.2 | 17.31 | 34.94 | 52.25 | NOTE | |
r-devel-linux-x86_64-debian-gcc | 0.0.2.2 | 11.60 | 26.67 | 38.27 | NOTE | |
r-devel-linux-x86_64-fedora-clang | 0.0.2.2 | 89.87 | OK | |||
r-devel-linux-x86_64-fedora-gcc | 0.0.2.2 | 84.89 | OK | |||
r-devel-windows-x86_64 | 0.0.2.2 | 20.00 | 75.00 | 95.00 | OK | |
r-patched-linux-x86_64 | 0.0.2.2 | 16.46 | 33.05 | 49.51 | OK | |
r-release-linux-x86_64 | 0.0.2.2 | 16.26 | 32.86 | 49.12 | OK | |
r-release-macos-arm64 | 0.0.2.2 | 29.00 | OK | |||
r-release-macos-x86_64 | 0.0.2.2 | 52.00 | OK | |||
r-release-windows-x86_64 | 0.0.2.2 | 19.00 | 75.00 | 94.00 | OK | |
r-oldrel-macos-arm64 | 0.0.2.2 | 26.00 | OK | |||
r-oldrel-macos-x86_64 | 0.0.2.2 | 37.00 | OK | |||
r-oldrel-windows-x86_64 | 0.0.2.2 | 24.00 | 90.00 | 114.00 | OK |
Version: 0.0.2.2
Check: CRAN incoming feasibility
Result: NOTE
Maintainer: ‘Gannaz Irene <irene.gannaz@insa-lyon.fr>’
Found the following URLs which should use \doi (with the DOI name only):
File ‘TestCor-package.Rd’:
https://doi.org/10.1111/j.2517-6161.1995.tb02031.x
https://doi.org/10.1080/01621459.2014.999157
https://doi.org/10.1214/088342307000000113
https://doi.org/10.1198/016214504000000539
Flavors: r-devel-linux-x86_64-debian-clang, r-devel-linux-x86_64-debian-gcc
These binaries (installable software) and packages are in development.
They may not be fully stable and should be used with caution. We make no claims about them.
Health stats visible at Monitor.