Last updated on 2025-05-18 01:50:45 CEST.
Flavor | Version | Tinstall | Tcheck | Ttotal | Status | Flags |
---|---|---|---|---|---|---|
r-devel-linux-x86_64-debian-clang | 1.1.0 | 3.16 | 57.45 | 60.61 | NOTE | |
r-devel-linux-x86_64-debian-gcc | 1.1.0 | 2.24 | 45.49 | 47.73 | NOTE | |
r-devel-linux-x86_64-fedora-clang | 1.1.0 | 94.28 | OK | |||
r-devel-linux-x86_64-fedora-gcc | 1.1.0 | 102.36 | OK | |||
r-devel-windows-x86_64 | 1.1.0 | 4.00 | 77.00 | 81.00 | OK | |
r-patched-linux-x86_64 | 1.1.0 | 2.95 | 61.93 | 64.88 | OK | |
r-release-linux-x86_64 | 1.1.0 | 2.90 | 61.55 | 64.45 | OK | |
r-release-macos-arm64 | 1.1.0 | 62.00 | OK | |||
r-release-macos-x86_64 | 1.1.0 | 99.00 | OK | |||
r-release-windows-x86_64 | 1.1.0 | 6.00 | 87.00 | 93.00 | OK | |
r-oldrel-macos-arm64 | 1.1.0 | 53.00 | OK | |||
r-oldrel-macos-x86_64 | 1.1.0 | 69.00 | OK | |||
r-oldrel-windows-x86_64 | 1.1.0 | 4.00 | 97.00 | 101.00 | OK |
Version: 1.1.0
Check: CRAN incoming feasibility
Result: NOTE
Maintainer: ‘Weilin Chen <w.chen56@lse.ac.uk>’
The Description field contains
projected data. See Chen and Lam (2023) <arXiv:2208.04012> for more
Please refer to arXiv e-prints via their arXiv DOI <doi:10.48550/arXiv.YYMM.NNNNN>.
Flavors: r-devel-linux-x86_64-debian-clang, r-devel-linux-x86_64-debian-gcc
These binaries (installable software) and packages are in development.
They may not be fully stable and should be used with caution. We make no claims about them.
Health stats visible at Monitor.