CRAN Package Check Results for Package TTCA

Last updated on 2025-05-15 09:52:46 CEST.

Flavor Version Tinstall Tcheck Ttotal Status Flags
r-devel-linux-x86_64-debian-clang 0.1.1 11.46 76.83 88.29 NOTE
r-devel-linux-x86_64-debian-gcc 0.1.1 8.66 57.48 66.14 NOTE
r-devel-linux-x86_64-fedora-clang 0.1.1 139.76 OK
r-devel-linux-x86_64-fedora-gcc 0.1.1 136.00 OK
r-devel-windows-x86_64 0.1.1 11.00 82.00 93.00 OK
r-patched-linux-x86_64 0.1.1 10.25 73.78 84.03 OK
r-release-linux-x86_64 0.1.1 11.64 74.12 85.76 OK
r-release-macos-arm64 0.1.1 98.00 OK
r-release-macos-x86_64 0.1.1 203.00 OK
r-release-windows-x86_64 0.1.1 12.00 84.00 96.00 OK
r-oldrel-macos-arm64 0.1.1 48.00 OK
r-oldrel-macos-x86_64 0.1.1 71.00 OK
r-oldrel-windows-x86_64 0.1.1 14.00 102.00 116.00 OK

Check Details

Version: 0.1.1
Check: CRAN incoming feasibility
Result: NOTE Maintainer: ‘Marco Albrecht <marco.albrecht@posteo.de>’ No Authors@R field in DESCRIPTION. Please add one, modifying Authors@R: person(given = "Marco", family = "Albrecht", role = c("aut", "cre"), email = "marco.albrecht@posteo.de") as necessary. Flavors: r-devel-linux-x86_64-debian-clang, r-devel-linux-x86_64-debian-gcc

These binaries (installable software) and packages are in development.
They may not be fully stable and should be used with caution. We make no claims about them.
Health stats visible at Monitor.