Last updated on 2024-05-02 11:51:38 CEST.
Flavor | Version | Tinstall | Tcheck | Ttotal | Status | Flags |
---|---|---|---|---|---|---|
r-devel-linux-x86_64-debian-clang | 1.3.1 | 16.18 | 130.08 | 146.26 | NOTE | |
r-devel-linux-x86_64-debian-gcc | 1.3.1 | 11.54 | 95.47 | 107.01 | NOTE | |
r-devel-linux-x86_64-fedora-clang | 1.3.1 | 186.17 | NOTE | |||
r-devel-linux-x86_64-fedora-gcc | 1.3.1 | 175.00 | NOTE | |||
r-devel-windows-x86_64 | 1.3.1 | 13.00 | 340.00 | 353.00 | NOTE | |
r-patched-linux-x86_64 | 1.3.1 | 21.45 | 127.99 | 149.44 | NOTE | |
r-release-linux-x86_64 | 1.3.1 | 15.09 | 125.98 | 141.07 | NOTE | |
r-release-macos-arm64 | 1.3.1 | 90.00 | NOTE | |||
r-release-windows-x86_64 | 1.3.1 | 11.00 | 105.00 | 116.00 | NOTE | |
r-oldrel-macos-arm64 | 1.3.1 | 48.00 | OK | |||
r-oldrel-macos-x86_64 | 1.3.1 | 82.00 | NOTE | |||
r-oldrel-windows-x86_64 | 1.3.1 | 15.00 | 119.00 | 134.00 | OK |
Version: 1.3.1
Check: Rd files
Result: NOTE
checkRd: (-1) diss.AR.LPC.CEPS.Rd:39: Lost braces; missing escapes or markup?
39 | If \code{order.x} or {order.y} are \code{NULL}, their respective series will be fitted automatically using a AR model.
| ^
checkRd: (-1) diss.AR.PIC.Rd:31: Lost braces; missing escapes or markup?
31 | If \code{order.x} or {order.y} are \code{NULL}, their respective series will be fitted automatically using a AR model. If \code{permissive} is \code{TRUE} and no AR order is found automatically, an AR order of 1 will be imposed, if this case fails, then no order can be found and the function produces an error.
| ^
Flavors: r-devel-linux-x86_64-debian-clang, r-devel-linux-x86_64-debian-gcc, r-devel-linux-x86_64-fedora-clang, r-devel-linux-x86_64-fedora-gcc, r-devel-windows-x86_64, r-patched-linux-x86_64, r-release-linux-x86_64, r-release-macos-arm64, r-release-windows-x86_64
Version: 1.3.1
Check: Rd cross-references
Result: NOTE
Undeclared packages ‘fpc’, ‘clValid’, ‘clv’ in Rd xrefs
Flavor: r-devel-linux-x86_64-fedora-clang
Version: 1.3.1
Check: Rd cross-references
Result: NOTE
Package unavailable to check Rd xrefs: ‘fpc’
Flavor: r-oldrel-macos-x86_64
These binaries (installable software) and packages are in development.
They may not be fully stable and should be used with caution. We make no claims about them.
Health stats visible at Monitor.