Last updated on 2025-10-30 19:53:40 CET.
| Flavor | Version | Tinstall | Tcheck | Ttotal | Status | Flags | 
|---|---|---|---|---|---|---|
| r-devel-linux-x86_64-debian-clang | 1.3.1 | 10.00 | 98.26 | 108.26 | NOTE | |
| r-devel-linux-x86_64-debian-gcc | 1.3.1 | 7.41 | 70.22 | 77.63 | NOTE | |
| r-devel-linux-x86_64-fedora-clang | 1.3.1 | 22.00 | 144.72 | 166.72 | NOTE | |
| r-devel-linux-x86_64-fedora-gcc | 1.3.1 | 27.00 | 135.26 | 162.26 | NOTE | |
| r-devel-windows-x86_64 | 1.3.1 | 13.00 | 219.00 | 232.00 | NOTE | |
| r-patched-linux-x86_64 | 1.3.1 | 11.32 | 93.19 | 104.51 | NOTE | |
| r-release-linux-x86_64 | 1.3.1 | 9.97 | 93.76 | 103.73 | NOTE | |
| r-release-macos-arm64 | 1.3.1 | 6.00 | 51.00 | 57.00 | NOTE | |
| r-release-macos-x86_64 | 1.3.1 | 12.00 | 98.00 | 110.00 | NOTE | |
| r-release-windows-x86_64 | 1.3.1 | 16.00 | 132.00 | 148.00 | NOTE | |
| r-oldrel-macos-arm64 | 1.3.1 | 5.00 | 45.00 | 50.00 | NOTE | |
| r-oldrel-macos-x86_64 | 1.3.1 | 10.00 | 81.00 | 91.00 | NOTE | |
| r-oldrel-windows-x86_64 | 1.3.1 | 17.00 | 156.00 | 173.00 | NOTE | 
Version: 1.3.1
Check: CRAN incoming feasibility
Result: NOTE
  Maintainer: ‘Kung-Sik Chan <kungsik.chan@gmail.com>’
  
  No Authors@R field in DESCRIPTION.
  Please add one, modifying
    Authors@R: c(person(given = "Kung-Sik",
                        family = "Chan",
                        role = c("aut", "cre"),
                        email = "kungsik.chan@gmail.com"),
                 person(given = "Brian",
                        family = "Ripley",
                        role = "aut"))
  as necessary.
Flavors: r-devel-linux-x86_64-debian-clang, r-devel-linux-x86_64-debian-gcc
Version: 1.3.1
Check: Rd files
Result: NOTE
  checkRd: (-1) summary.armasubsets.Rd:16: Lost braces
      16 | \item{matrix.logical}{With matrix=TRUE, the matrix is logical TRUE/FALSE or string "*"/code{" "}}
         |                                                                                            ^
Flavors: r-devel-linux-x86_64-debian-clang, r-devel-linux-x86_64-debian-gcc, r-devel-linux-x86_64-fedora-clang, r-devel-linux-x86_64-fedora-gcc, r-devel-windows-x86_64, r-patched-linux-x86_64, r-release-linux-x86_64, r-release-macos-arm64, r-release-macos-x86_64, r-release-windows-x86_64, r-oldrel-macos-arm64, r-oldrel-macos-x86_64, r-oldrel-windows-x86_64
Version: 1.3.1
Check: dependencies in R code
Result: NOTE
  Namespace in Imports field not imported from: ‘tseries’
    All declared Imports should be used.
Flavors: r-devel-linux-x86_64-fedora-clang, r-devel-linux-x86_64-fedora-gcc
These binaries (installable software) and packages are in development.
They may not be fully stable and should be used with caution. We make no claims about them.
Health stats visible at Monitor.