Last updated on 2025-02-08 19:49:33 CET.
Flavor | Version | Tinstall | Tcheck | Ttotal | Status | Flags |
---|---|---|---|---|---|---|
r-devel-linux-x86_64-debian-clang | 0.1.0 | 1.56 | 16.26 | 17.82 | OK | |
r-devel-linux-x86_64-debian-gcc | 0.1.0 | 1.38 | 13.93 | 15.31 | OK | |
r-devel-linux-x86_64-fedora-clang | 0.1.0 | 30.86 | OK | |||
r-devel-linux-x86_64-fedora-gcc | 0.1.0 | 27.32 | OK | |||
r-devel-windows-x86_64 | 0.1.0 | 3.00 | 37.00 | 40.00 | OK | |
r-patched-linux-x86_64 | 0.1.0 | 1.30 | 15.27 | 16.57 | NOTE | |
r-release-linux-x86_64 | 0.1.0 | 1.50 | 15.46 | 16.96 | NOTE | |
r-release-macos-arm64 | 0.1.0 | 22.00 | OK | |||
r-release-macos-x86_64 | 0.1.0 | 19.00 | OK | |||
r-release-windows-x86_64 | 0.1.0 | 3.00 | 38.00 | 41.00 | OK | |
r-oldrel-macos-arm64 | 0.1.0 | 28.00 | OK | |||
r-oldrel-macos-x86_64 | 0.1.0 | 37.00 | OK | |||
r-oldrel-windows-x86_64 | 0.1.0 | 3.00 | 40.00 | 43.00 | OK |
Version: 0.1.0
Check: DESCRIPTION meta-information
Result: NOTE
Dependence on R version ‘4.2.3’ not with patchlevel 0
Flavors: r-patched-linux-x86_64, r-release-linux-x86_64
These binaries (installable software) and packages are in development.
They may not be fully stable and should be used with caution. We make no claims about them.
Health stats visible at Monitor.