Last updated on 2025-05-17 15:50:58 CEST.
Flavor | Version | Tinstall | Tcheck | Ttotal | Status | Flags |
---|---|---|---|---|---|---|
r-devel-linux-x86_64-debian-clang | 1.0.2 | 27.37 | 67.73 | 95.10 | NOTE | |
r-devel-linux-x86_64-debian-gcc | 1.0.2 | 21.16 | 50.55 | 71.71 | NOTE | |
r-devel-linux-x86_64-fedora-clang | 1.0.2 | 171.91 | NOTE | |||
r-devel-linux-x86_64-fedora-gcc | 1.0.2 | 184.84 | NOTE | |||
r-devel-windows-x86_64 | 1.0.2 | 38.00 | 111.00 | 149.00 | NOTE | |
r-patched-linux-x86_64 | 1.0.2 | 30.63 | 67.50 | 98.13 | NOTE | |
r-release-linux-x86_64 | 1.0.2 | 29.74 | 68.03 | 97.77 | NOTE | |
r-release-macos-arm64 | 1.0.2 | 72.00 | NOTE | |||
r-release-macos-x86_64 | 1.0.2 | 107.00 | NOTE | |||
r-release-windows-x86_64 | 1.0.2 | 36.00 | 110.00 | 146.00 | NOTE | |
r-oldrel-macos-arm64 | 1.0.2 | 72.00 | NOTE | |||
r-oldrel-macos-x86_64 | 1.0.2 | 113.00 | NOTE | |||
r-oldrel-windows-x86_64 | 1.0.2 | 42.00 | 155.00 | 197.00 | NOTE |
Version: 1.0.2
Check: CRAN incoming feasibility
Result: NOTE
Maintainer: ‘Martin R. Smith <martin.smith@durham.ac.uk>’
Package CITATION file contains call(s) to old-style personList() or
as.personList(). Please use c() on person objects instead.
Package CITATION file contains call(s) to old-style citEntry(). Please
use bibentry() instead.
The Description field contains
using the algorithms of Whidden and Matsen (2017) <arxiv:1511.07529>.
Please refer to arXiv e-prints via their arXiv DOI <doi:10.48550/arXiv.YYMM.NNNNN>.
Flavors: r-devel-linux-x86_64-debian-clang, r-devel-linux-x86_64-debian-gcc
Version: 1.0.2
Check: C++ specification
Result: NOTE
Specified C++11: please drop specification unless essential
Flavors: r-devel-linux-x86_64-debian-clang, r-devel-linux-x86_64-debian-gcc, r-devel-linux-x86_64-fedora-clang, r-devel-linux-x86_64-fedora-gcc, r-devel-windows-x86_64, r-patched-linux-x86_64, r-release-linux-x86_64, r-release-macos-arm64, r-release-macos-x86_64, r-release-windows-x86_64, r-oldrel-macos-arm64, r-oldrel-macos-x86_64, r-oldrel-windows-x86_64
Version: 1.0.2
Check: LazyData
Result: NOTE
'LazyData' is specified without a 'data' directory
Flavors: r-oldrel-macos-arm64, r-oldrel-macos-x86_64, r-oldrel-windows-x86_64
These binaries (installable software) and packages are in development.
They may not be fully stable and should be used with caution. We make no claims about them.
Health stats visible at Monitor.