CRAN Package Check Results for Package SynthETIC

Last updated on 2025-05-17 15:50:58 CEST.

Flavor Version Tinstall Tcheck Ttotal Status Flags
r-devel-linux-x86_64-debian-clang 1.1.0 8.97 248.30 257.27 NOTE
r-devel-linux-x86_64-debian-gcc 1.1.0 5.64 141.73 147.37 NOTE
r-devel-linux-x86_64-fedora-clang 1.1.0 402.54 OK
r-devel-linux-x86_64-fedora-gcc 1.1.0 398.35 OK
r-devel-windows-x86_64 1.1.0 11.00 362.00 373.00 OK
r-patched-linux-x86_64 1.1.0 7.62 233.96 241.58 OK
r-release-linux-x86_64 1.1.0 7.34 234.67 242.01 OK
r-release-macos-arm64 1.1.0 95.00 OK
r-release-macos-x86_64 1.1.0 212.00 OK
r-release-windows-x86_64 1.1.0 12.00 211.00 223.00 OK
r-oldrel-macos-arm64 1.1.0 100.00 NOTE
r-oldrel-macos-x86_64 1.1.0 190.00 NOTE
r-oldrel-windows-x86_64 1.1.0 14.00 393.00 407.00 OK

Check Details

Version: 1.1.0
Check: CRAN incoming feasibility
Result: NOTE Maintainer: ‘Melantha Wang <wang.melantha@gmail.com>’ The Description field contains control" <arXiv:2008.05693>. Please refer to arXiv e-prints via their arXiv DOI <doi:10.48550/arXiv.YYMM.NNNNN>. Flavors: r-devel-linux-x86_64-debian-clang, r-devel-linux-x86_64-debian-gcc

Version: 1.1.0
Check: installed package size
Result: NOTE installed size is 5.0Mb sub-directories of 1Mb or more: data 2.9Mb doc 1.8Mb Flavors: r-oldrel-macos-arm64, r-oldrel-macos-x86_64

These binaries (installable software) and packages are in development.
They may not be fully stable and should be used with caution. We make no claims about them.
Health stats visible at Monitor.