Last updated on 2025-05-15 09:52:44 CEST.
Flavor | Version | Tinstall | Tcheck | Ttotal | Status | Flags |
---|---|---|---|---|---|---|
r-devel-linux-x86_64-debian-clang | 1.0.5 | 14.52 | 282.87 | 297.39 | NOTE | |
r-devel-linux-x86_64-debian-gcc | 1.0.5 | 9.19 | 169.79 | 178.98 | NOTE | |
r-devel-linux-x86_64-fedora-clang | 1.0.5 | 466.99 | OK | |||
r-devel-linux-x86_64-fedora-gcc | 1.0.5 | 462.98 | OK | |||
r-devel-windows-x86_64 | 1.0.5 | 16.00 | 191.00 | 207.00 | OK | |
r-patched-linux-x86_64 | 1.0.5 | 12.78 | 283.67 | 296.45 | OK | |
r-release-linux-x86_64 | 1.0.5 | 15.34 | 280.71 | 296.05 | OK | |
r-release-macos-arm64 | 1.0.5 | 111.00 | OK | |||
r-release-macos-x86_64 | 1.0.5 | 203.00 | OK | |||
r-release-windows-x86_64 | 1.0.5 | 15.00 | 192.00 | 207.00 | OK | |
r-oldrel-macos-arm64 | 1.0.5 | 87.00 | NOTE | |||
r-oldrel-macos-x86_64 | 1.0.5 | 139.00 | NOTE | |||
r-oldrel-windows-x86_64 | 1.0.5 | 21.00 | 268.00 | 289.00 | NOTE |
Version: 1.0.5
Check: CRAN incoming feasibility
Result: NOTE
Maintainer: ‘Thomas Jemielita <thomasjemielita@gmail.com>’
No Authors@R field in DESCRIPTION.
Please add one, modifying
Authors@R: person(given = "Thomas",
family = "Jemielita",
role = c("aut", "cre"),
email = "thomasjemielita@gmail.com")
as necessary.
The Description field contains
2019 <arXiv:1912.03337>. This package is in beta and will be
Please refer to arXiv e-prints via their arXiv DOI <doi:10.48550/arXiv.YYMM.NNNNN>.
Flavors: r-devel-linux-x86_64-debian-clang, r-devel-linux-x86_64-debian-gcc
Version: 1.0.5
Check: installed package size
Result: NOTE
installed size is 5.7Mb
sub-directories of 1Mb or more:
doc 5.0Mb
Flavors: r-oldrel-macos-arm64, r-oldrel-macos-x86_64, r-oldrel-windows-x86_64
These binaries (installable software) and packages are in development.
They may not be fully stable and should be used with caution. We make no claims about them.
Health stats visible at Monitor.