Last updated on 2025-05-17 09:49:25 CEST.
Flavor | Version | Tinstall | Tcheck | Ttotal | Status | Flags |
---|---|---|---|---|---|---|
r-devel-linux-x86_64-debian-clang | 1.1 | 11.36 | 93.25 | 104.61 | NOTE | |
r-devel-linux-x86_64-debian-gcc | 1.1 | 7.83 | 62.24 | 70.07 | NOTE | |
r-devel-linux-x86_64-fedora-clang | 1.1 | 158.34 | NOTE | |||
r-devel-linux-x86_64-fedora-gcc | 1.1 | 149.82 | NOTE | |||
r-devel-windows-x86_64 | 1.1 | 12.00 | 92.00 | 104.00 | NOTE | |
r-patched-linux-x86_64 | 1.1 | 11.45 | 85.22 | 96.67 | NOTE | |
r-release-linux-x86_64 | 1.1 | 11.56 | 84.50 | 96.06 | NOTE | |
r-release-macos-arm64 | 1.1 | 43.00 | NOTE | |||
r-release-macos-x86_64 | 1.1 | 84.00 | NOTE | |||
r-release-windows-x86_64 | 1.1 | 13.00 | 93.00 | 106.00 | NOTE | |
r-oldrel-macos-arm64 | 1.1 | 44.00 | NOTE | |||
r-oldrel-macos-x86_64 | 1.1 | 113.00 | NOTE | |||
r-oldrel-windows-x86_64 | 1.1 | 16.00 | 115.00 | 131.00 | NOTE |
Version: 1.1
Check: CRAN incoming feasibility
Result: NOTE
Maintainer: ‘Niklas Pfister <np@math.ku.dk>’
The Description field contains
<arXiv:1911.01850>. The procedure uses averaging to estimate a
Please refer to arXiv e-prints via their arXiv DOI <doi:10.48550/arXiv.YYMM.NNNNN>.
Flavors: r-devel-linux-x86_64-debian-clang, r-devel-linux-x86_64-debian-gcc
Version: 1.1
Check: Rd files
Result: NOTE
checkRd: (-1) SRanalysis.Rd:100: Lost braces
100 | P. B{\"u}hlmann (2019). Stabilizing Variable Selection and
| ^
checkRd: (-1) StabilizedRegression.Rd:109: Lost braces
109 | P. B{\"u}hlmann (2019). Stabilizing Variable Selection and
| ^
Flavors: r-devel-linux-x86_64-debian-clang, r-devel-linux-x86_64-debian-gcc, r-devel-linux-x86_64-fedora-clang, r-devel-linux-x86_64-fedora-gcc, r-devel-windows-x86_64, r-patched-linux-x86_64, r-release-linux-x86_64, r-release-macos-arm64, r-release-macos-x86_64, r-release-windows-x86_64, r-oldrel-macos-arm64, r-oldrel-macos-x86_64, r-oldrel-windows-x86_64
These binaries (installable software) and packages are in development.
They may not be fully stable and should be used with caution. We make no claims about them.
Health stats visible at Monitor.