Last updated on 2025-02-23 19:51:21 CET.
Flavor | Version | Tinstall | Tcheck | Ttotal | Status | Flags |
---|---|---|---|---|---|---|
r-devel-linux-x86_64-debian-clang | 1.1 | 10.95 | 82.97 | 93.92 | NOTE | |
r-devel-linux-x86_64-debian-gcc | 1.1 | 7.82 | 58.40 | 66.22 | NOTE | |
r-devel-linux-x86_64-fedora-clang | 1.1 | 161.77 | NOTE | |||
r-devel-linux-x86_64-fedora-gcc | 1.1 | 142.29 | NOTE | |||
r-devel-macos-arm64 | 1.1 | 45.00 | NOTE | |||
r-devel-macos-x86_64 | 1.1 | 84.00 | NOTE | |||
r-devel-windows-x86_64 | 1.1 | 10.00 | 87.00 | 97.00 | NOTE | |
r-patched-linux-x86_64 | 1.1 | 10.22 | 76.65 | 86.87 | NOTE | |
r-release-linux-x86_64 | 1.1 | 8.88 | 77.42 | 86.30 | NOTE | |
r-release-macos-arm64 | 1.1 | 44.00 | NOTE | |||
r-release-macos-x86_64 | 1.1 | 113.00 | NOTE | |||
r-release-windows-x86_64 | 1.1 | 11.00 | 85.00 | 96.00 | NOTE | |
r-oldrel-macos-arm64 | 1.1 | 44.00 | OK | |||
r-oldrel-macos-x86_64 | 1.1 | 69.00 | OK | |||
r-oldrel-windows-x86_64 | 1.1 | 16.00 | 107.00 | 123.00 | OK |
Version: 1.1
Check: Rd files
Result: NOTE
checkRd: (-1) SRanalysis.Rd:100: Lost braces
100 | P. B{\"u}hlmann (2019). Stabilizing Variable Selection and
| ^
checkRd: (-1) StabilizedRegression.Rd:109: Lost braces
109 | P. B{\"u}hlmann (2019). Stabilizing Variable Selection and
| ^
Flavors: r-devel-linux-x86_64-debian-clang, r-devel-linux-x86_64-debian-gcc, r-devel-linux-x86_64-fedora-clang, r-devel-linux-x86_64-fedora-gcc, r-devel-macos-arm64, r-devel-macos-x86_64, r-devel-windows-x86_64, r-patched-linux-x86_64, r-release-linux-x86_64, r-release-macos-arm64, r-release-macos-x86_64, r-release-windows-x86_64
These binaries (installable software) and packages are in development.
They may not be fully stable and should be used with caution. We make no claims about them.
Health stats visible at Monitor.