Last updated on 2025-02-23 15:49:59 CET.
Flavor | Version | Tinstall | Tcheck | Ttotal | Status | Flags |
---|---|---|---|---|---|---|
r-devel-linux-x86_64-debian-clang | 1.6.3 | 13.65 | 99.29 | 112.94 | NOTE | |
r-devel-linux-x86_64-debian-gcc | 1.6.3 | 9.24 | 70.93 | 80.17 | NOTE | |
r-devel-linux-x86_64-fedora-clang | 1.6.3 | 183.83 | NOTE | |||
r-devel-linux-x86_64-fedora-gcc | 1.6.3 | 169.91 | NOTE | |||
r-devel-macos-arm64 | 1.6.3 | 50.00 | NOTE | |||
r-devel-macos-x86_64 | 1.6.3 | 87.00 | NOTE | |||
r-devel-windows-x86_64 | 1.6.3 | 14.00 | 105.00 | 119.00 | NOTE | |
r-patched-linux-x86_64 | 1.6.3 | 12.30 | 90.07 | 102.37 | NOTE | |
r-release-linux-x86_64 | 1.6.3 | 11.25 | 88.89 | 100.14 | NOTE | |
r-release-macos-arm64 | 1.6.3 | 49.00 | NOTE | |||
r-release-macos-x86_64 | 1.6.3 | 79.00 | NOTE | |||
r-release-windows-x86_64 | 1.6.3 | 14.00 | 107.00 | 121.00 | NOTE | |
r-oldrel-macos-arm64 | 1.6.3 | 57.00 | OK | |||
r-oldrel-macos-x86_64 | 1.6.3 | 88.00 | OK | |||
r-oldrel-windows-x86_64 | 1.6.3 | 17.00 | 131.00 | 148.00 | OK |
Version: 1.6.3
Check: Rd files
Result: NOTE
checkRd: (-1) stamppFst.Rd:20: Lost braces
20 | \code{Fsts}{a matrix of pairwise Fst values between populations}
| ^
checkRd: (-1) stamppFst.Rd:21: Lost braces
21 | \code{Pvalues}{a matrix of p-values for each of the pairwise Fst values containined in the 'Fsts' matrix}
| ^
checkRd: (-1) stamppFst.Rd:22: Lost braces
22 | \code{Bootstraps}{a dataframe of each Fst value generated during Bootstrapping and the associated confidence intervals}
| ^
Flavors: r-devel-linux-x86_64-debian-clang, r-devel-linux-x86_64-debian-gcc, r-devel-linux-x86_64-fedora-clang, r-devel-linux-x86_64-fedora-gcc, r-devel-macos-arm64, r-devel-macos-x86_64, r-devel-windows-x86_64, r-patched-linux-x86_64, r-release-linux-x86_64, r-release-macos-arm64, r-release-macos-x86_64, r-release-windows-x86_64
These binaries (installable software) and packages are in development.
They may not be fully stable and should be used with caution. We make no claims about them.
Health stats visible at Monitor.