Last updated on 2025-05-15 07:49:53 CEST.
Flavor | Version | Tinstall | Tcheck | Ttotal | Status | Flags |
---|---|---|---|---|---|---|
r-devel-linux-x86_64-debian-clang | 1.3.5 | 62.03 | 28.24 | 90.27 | NOTE | |
r-devel-linux-x86_64-debian-gcc | 1.3.5 | 42.40 | 22.08 | 64.48 | NOTE | |
r-devel-linux-x86_64-fedora-clang | 1.3.5 | 180.59 | OK | |||
r-devel-linux-x86_64-fedora-gcc | 1.3.5 | 175.54 | OK | |||
r-devel-windows-x86_64 | 1.3.5 | 70.00 | 70.00 | 140.00 | OK | |
r-patched-linux-x86_64 | 1.3.5 | 61.38 | 25.68 | 87.06 | OK | |
r-release-linux-x86_64 | 1.3.5 | 60.92 | 25.58 | 86.50 | OK | |
r-release-macos-arm64 | 1.3.5 | OK | ||||
r-release-macos-x86_64 | 1.3.5 | 51.00 | OK | |||
r-release-windows-x86_64 | 1.3.5 | 72.00 | 71.00 | 143.00 | OK | |
r-oldrel-macos-arm64 | 1.3.5 | 41.00 | OK | |||
r-oldrel-macos-x86_64 | 1.3.5 | 44.00 | OK | |||
r-oldrel-windows-x86_64 | 1.3.5 | 82.00 | 80.00 | 162.00 | OK |
Version: 1.3.5
Check: CRAN incoming feasibility
Result: NOTE
Maintainer: ‘Francesco Pantalone <pantalone.fra@gmail.com>’
The Description field contains
<arXiv:1710.09116>. The implementation has been done in C++ through the
Please refer to arXiv e-prints via their arXiv DOI <doi:10.48550/arXiv.YYMM.NNNNN>.
Flavors: r-devel-linux-x86_64-debian-clang, r-devel-linux-x86_64-debian-gcc
These binaries (installable software) and packages are in development.
They may not be fully stable and should be used with caution. We make no claims about them.
Health stats visible at Monitor.