CRAN Package Check Results for Package SpatEntropy

Last updated on 2025-05-11 03:50:48 CEST.

Flavor Version Tinstall Tcheck Ttotal Status Flags
r-devel-linux-x86_64-debian-clang 2.2-4 8.91 86.17 95.08 NOTE
r-devel-linux-x86_64-debian-gcc 2.2-4 7.13 63.52 70.65 NOTE
r-devel-linux-x86_64-fedora-clang 2.2-4 147.74 OK
r-devel-linux-x86_64-fedora-gcc 2.2-4 144.60 OK
r-devel-windows-x86_64 2.2-4 11.00 98.00 109.00 OK
r-patched-linux-x86_64 2.2-4 9.17 82.16 91.33 OK
r-release-linux-x86_64 2.2-4 9.01 81.22 90.23 OK
r-release-macos-arm64 2.2-4 46.00 OK
r-release-macos-x86_64 2.2-4 129.00 OK
r-release-windows-x86_64 2.2-4 11.00 98.00 109.00 OK
r-oldrel-macos-arm64 2.2-4 40.00 OK
r-oldrel-macos-x86_64 2.2-4 71.00 OK
r-oldrel-windows-x86_64 2.2-4 14.00 122.00 136.00 OK

Check Details

Version: 2.2-4
Check: CRAN incoming feasibility
Result: NOTE Maintainer: ‘Altieri Linda <linda.altieri@unibo.it>’ No Authors@R field in DESCRIPTION. Please add one, modifying Authors@R: c(person(given = "L.", family = "Altieri", role = "aut"), person(given = "D.", family = "Cocchi", role = "aut"), person(given = "G.", family = "Roli", role = "aut"), person(given = "Altieri", family = "Linda", role = "cre", email = "linda.altieri@unibo.it")) as necessary. Flavors: r-devel-linux-x86_64-debian-clang, r-devel-linux-x86_64-debian-gcc

These binaries (installable software) and packages are in development.
They may not be fully stable and should be used with caution. We make no claims about them.
Health stats visible at Monitor.