CRAN Package Check Results for Package SpPOP

Last updated on 2025-05-15 11:50:17 CEST.

Flavor Version Tinstall Tcheck Ttotal Status Flags
r-devel-linux-x86_64-debian-clang 0.1.0 2.49 28.41 30.90 NOTE
r-devel-linux-x86_64-debian-gcc 0.1.0 2.00 22.78 24.78 NOTE
r-devel-linux-x86_64-fedora-clang 0.1.0 49.83 OK
r-devel-linux-x86_64-fedora-gcc 0.1.0 61.56 OK
r-devel-windows-x86_64 0.1.0 3.00 49.00 52.00 OK
r-patched-linux-x86_64 0.1.0 2.81 27.69 30.50 OK
r-release-linux-x86_64 0.1.0 2.53 27.49 30.02 OK
r-release-macos-arm64 0.1.0 33.00 OK
r-release-macos-x86_64 0.1.0 51.00 OK
r-release-windows-x86_64 0.1.0 4.00 50.00 54.00 OK
r-oldrel-macos-arm64 0.1.0 25.00 OK
r-oldrel-macos-x86_64 0.1.0 37.00 OK
r-oldrel-windows-x86_64 0.1.0 4.00 56.00 60.00 OK

Check Details

Version: 0.1.0
Check: CRAN incoming feasibility
Result: NOTE Maintainer: ‘Nobin Chandra Paul<nobin.niasm@outlook.com>’ No Authors@R field in DESCRIPTION. Please add one, modifying Authors@R: c(person(given = c("Nobin", "Chandra"), family = "Paul", role = c("aut", "cre"), email = "nobin.niasm@outlook.com"), person(given = "Anil", family = "Rai", role = "aut"), person(given = "Ankur", family = "Biswas", role = "aut"), person(given = "Tauqueer", family = "Ahmad", role = "aut"), person(given = c("Prachi", "Misra"), family = "Sahoo", role = "aut")) as necessary. Flavors: r-devel-linux-x86_64-debian-clang, r-devel-linux-x86_64-debian-gcc

These binaries (installable software) and packages are in development.
They may not be fully stable and should be used with caution. We make no claims about them.
Health stats visible at Monitor.