CRAN Package Check Results for Package SoilR

Last updated on 2025-07-19 19:50:02 CEST.

Flavor Version Tinstall Tcheck Ttotal Status Flags
r-devel-linux-x86_64-debian-clang 1.2.107 21.70 149.17 170.87 NOTE
r-devel-linux-x86_64-debian-gcc 1.2.107 12.47 102.45 114.92 NOTE
r-devel-linux-x86_64-fedora-clang 1.2.107 262.99 OK
r-devel-linux-x86_64-fedora-gcc 1.2.107 248.12 OK
r-devel-windows-x86_64 1.2.107 24.00 214.00 238.00 OK
r-patched-linux-x86_64 1.2.107 26.88 140.50 167.38 OK
r-release-linux-x86_64 1.2.107 19.93 139.77 159.70 OK
r-release-macos-arm64 1.2.107 78.00 OK
r-release-macos-x86_64 1.2.107 172.00 OK
r-release-windows-x86_64 1.2.107 23.00 214.00 237.00 OK
r-oldrel-macos-arm64 1.2.107 68.00 OK
r-oldrel-macos-x86_64 1.2.107 109.00 OK
r-oldrel-windows-x86_64 1.2.107 33.00 250.00 283.00 OK

Check Details

Version: 1.2.107
Check: CRAN incoming feasibility
Result: NOTE Maintainer: ‘Carlos A. Sierra <csierra@bgc-jena.mpg.de>’ No Authors@R field in DESCRIPTION. Please add one, modifying Authors@R: c(person(given = c("Carlos", "A."), family = "Sierra", role = c("aut", "cre"), email = "csierra@bgc-jena.mpg.de"), person(given = "Markus", family = "Mueller", role = "aut")) as necessary. Flavors: r-devel-linux-x86_64-debian-clang, r-devel-linux-x86_64-debian-gcc

These binaries (installable software) and packages are in development.
They may not be fully stable and should be used with caution. We make no claims about them.
Health stats visible at Monitor.