Last updated on 2025-05-15 11:50:16 CEST.
Flavor | Version | Tinstall | Tcheck | Ttotal | Status | Flags |
---|---|---|---|---|---|---|
r-devel-linux-x86_64-debian-clang | 1.0.1 | 2.23 | 19.86 | 22.09 | NOTE | |
r-devel-linux-x86_64-debian-gcc | 1.0.1 | 1.71 | 17.31 | 19.02 | NOTE | |
r-devel-linux-x86_64-fedora-clang | 1.0.1 | 35.29 | OK | |||
r-devel-linux-x86_64-fedora-gcc | 1.0.1 | 34.07 | OK | |||
r-devel-windows-x86_64 | 1.0.1 | 4.00 | 44.00 | 48.00 | OK | |
r-patched-linux-x86_64 | 1.0.1 | 2.34 | 19.50 | 21.84 | OK | |
r-release-linux-x86_64 | 1.0.1 | 2.18 | 19.55 | 21.73 | OK | |
r-release-macos-arm64 | 1.0.1 | 15.00 | OK | |||
r-release-macos-x86_64 | 1.0.1 | 27.00 | OK | |||
r-release-windows-x86_64 | 1.0.1 | 3.00 | 46.00 | 49.00 | OK | |
r-oldrel-macos-arm64 | 1.0.1 | 22.00 | OK | |||
r-oldrel-macos-x86_64 | 1.0.1 | 41.00 | OK | |||
r-oldrel-windows-x86_64 | 1.0.1 | 5.00 | 59.00 | 64.00 | OK |
Version: 1.0.1
Check: CRAN incoming feasibility
Result: NOTE
Maintainer: ‘Dione Pereira Cardoso <cardoso.dione@gmail.com>’
Found the following \keyword or \concept entries
which likely give several index terms:
File ‘KFactor.Rd’:
\keyword{Nomograph; Particle-size; Organic matter; [TRUNCATED]
File ‘RFactor_calc.Rd’:
\keyword{Erosivity index; R-Factor; Universal Soil [TRUNCATED]
File ‘RFactor_est.Rd’:
\keyword{Erosivity index; R-Factor; Universal Soil [TRUNCATED]
File ‘SoilConservation.Rd’:
\keyword{Soil Conservation; Erosivity index; R-Fac [TRUNCATED]
File ‘SoilLoss.Rd’:
\keyword{Soil Loss; Water Erosion; R Factor; K Fac [TRUNCATED]
Flavors: r-devel-linux-x86_64-debian-clang, r-devel-linux-x86_64-debian-gcc
These binaries (installable software) and packages are in development.
They may not be fully stable and should be used with caution. We make no claims about them.
Health stats visible at Monitor.