Last updated on 2025-02-02 07:50:26 CET.
Flavor | Version | Tinstall | Tcheck | Ttotal | Status | Flags |
---|---|---|---|---|---|---|
r-devel-linux-x86_64-debian-clang | 0.11.1 | 7.37 | 75.90 | 83.27 | NOTE | |
r-devel-linux-x86_64-debian-gcc | 0.11.1 | 4.91 | 52.13 | 57.04 | NOTE | |
r-devel-linux-x86_64-fedora-clang | 0.11.1 | 136.97 | NOTE | |||
r-devel-linux-x86_64-fedora-gcc | 0.11.1 | 137.59 | NOTE | |||
r-devel-windows-x86_64 | 0.11.1 | 10.00 | 117.00 | 127.00 | NOTE | |
r-patched-linux-x86_64 | 0.11.1 | 6.64 | 71.30 | 77.94 | NOTE | |
r-release-linux-x86_64 | 0.11.1 | 6.66 | 71.36 | 78.02 | NOTE | |
r-release-macos-arm64 | 0.11.1 | 47.00 | NOTE | |||
r-release-macos-x86_64 | 0.11.1 | 73.00 | NOTE | |||
r-release-windows-x86_64 | 0.11.1 | 9.00 | 124.00 | 133.00 | NOTE | |
r-oldrel-macos-arm64 | 0.11.1 | 51.00 | OK | |||
r-oldrel-macos-x86_64 | 0.11.1 | 90.00 | OK | |||
r-oldrel-windows-x86_64 | 0.11.1 | 12.00 | 129.00 | 141.00 | OK |
Version: 0.11.1
Check: Rd files
Result: NOTE
checkRd: (-1) ss.cc.Rd:44: Lost braces in \itemize; meant \describe ?
checkRd: (-1) ss.ci.Rd:26: Lost braces
26 | \item{alpha}{The eqn{\\alpha} error used to compute the \eqn{100*(1-\\alpha)\%} confidence interval}
| ^
checkRd: (-1) ss.rr.Rd:84: Lost braces; missing escapes or markup?
84 | $MS_{factor}/MS_{interaction}$, e.g. in appendix A of AIAG MSA manual,
| ^
checkRd: (-1) ss.rr.Rd:84: Lost braces; missing escapes or markup?
84 | $MS_{factor}/MS_{interaction}$, e.g. in appendix A of AIAG MSA manual,
| ^
checkRd: (-1) ss.rr.Rd:87: Lost braces; missing escapes or markup?
87 | F test is performed as $MS_{factor}/MS_{equipment}$, i.e., repeatability.
| ^
checkRd: (-1) ss.rr.Rd:87: Lost braces; missing escapes or markup?
87 | F test is performed as $MS_{factor}/MS_{equipment}$, i.e., repeatability.
| ^
Flavors: r-devel-linux-x86_64-debian-clang, r-devel-linux-x86_64-debian-gcc, r-devel-linux-x86_64-fedora-clang, r-devel-linux-x86_64-fedora-gcc, r-devel-windows-x86_64, r-patched-linux-x86_64, r-release-linux-x86_64, r-release-macos-arm64, r-release-macos-x86_64, r-release-windows-x86_64
These binaries (installable software) and packages are in development.
They may not be fully stable and should be used with caution. We make no claims about them.
Health stats visible at Monitor.