Last updated on 2025-05-03 22:50:09 CEST.
Flavor | Version | Tinstall | Tcheck | Ttotal | Status | Flags |
---|---|---|---|---|---|---|
r-devel-linux-x86_64-debian-clang | 1.0.0 | 3.27 | 30.89 | 34.16 | NOTE | |
r-devel-linux-x86_64-debian-gcc | 1.0.0 | 2.70 | 24.69 | 27.39 | NOTE | |
r-devel-linux-x86_64-fedora-clang | 1.0.0 | 53.81 | NOTE | |||
r-devel-linux-x86_64-fedora-gcc | 1.0.0 | 51.47 | NOTE | |||
r-devel-windows-x86_64 | 1.0.0 | 6.00 | 53.00 | 59.00 | NOTE | |
r-patched-linux-x86_64 | 1.0.0 | 3.70 | 29.57 | 33.27 | NOTE | |
r-release-linux-x86_64 | NOTE | |||||
r-release-macos-arm64 | 1.0.0 | 22.00 | NOTE | |||
r-release-macos-x86_64 | 1.0.0 | 35.00 | NOTE | |||
r-release-windows-x86_64 | 1.0.0 | 5.00 | 52.00 | 57.00 | NOTE | |
r-oldrel-macos-arm64 | 1.0.0 | 22.00 | NOTE | |||
r-oldrel-macos-x86_64 | 1.0.0 | 28.00 | NOTE | |||
r-oldrel-windows-x86_64 | 1.0.0 | 7.00 | 61.00 | 68.00 | NOTE |
Version: 1.0.0
Check: CRAN incoming feasibility
Result: NOTE
Maintainer: ‘Maya B. Mathur <mmathur@stanford.edu>’
No Authors@R field in DESCRIPTION.
Please add one, modifying
Authors@R: c(person(given = c("Maya", "B."),
family = "Mathur",
role = c("aut", "cre"),
email = "mmathur@stanford.edu"),
person(given = "Kristopher",
family = "Kapphahn",
role = "aut"),
person(given = "Ariadna",
family = "Garcia",
role = "aut"),
person(given = "Manisha",
family = "Desai",
role = "aut"),
person(given = c("Maria", "E."),
family = "Montez-Rath",
role = "aut"))
as necessary.
The Description field contains
the main wrapper function. See Montez-Rath et al. <arXiv:1709.10074>
Please refer to arXiv e-prints via their arXiv DOI <doi:10.48550/arXiv.YYMM.NNNNN>.
Flavors: r-devel-linux-x86_64-debian-clang, r-devel-linux-x86_64-debian-gcc
Version: 1.0.0
Check: Rd files
Result: NOTE
checkRd: (-1) make_one_dataset.Rd:67: Lost braces; missing escapes or markup?
67 | \code{within.SD} to be extremely small (e.g., $1 * 10^{-7}$) and all corresponding correlations in matrix
| ^
Flavors: r-devel-linux-x86_64-debian-clang, r-devel-linux-x86_64-debian-gcc, r-devel-linux-x86_64-fedora-clang, r-devel-linux-x86_64-fedora-gcc, r-devel-windows-x86_64, r-patched-linux-x86_64, r-release-linux-x86_64, r-release-macos-arm64, r-release-macos-x86_64, r-release-windows-x86_64, r-oldrel-macos-arm64, r-oldrel-macos-x86_64, r-oldrel-windows-x86_64
Version: 1.0.0
Check: dependencies in R code
Result: NOTE
Namespace in Imports field not imported from: ‘metafor’
All declared Imports should be used.
Flavors: r-devel-linux-x86_64-fedora-clang, r-devel-linux-x86_64-fedora-gcc
These binaries (installable software) and packages are in development.
They may not be fully stable and should be used with caution. We make no claims about them.
Health stats visible at Monitor.