CRAN Package Check Results for Package SimCorrMix

Last updated on 2025-05-17 13:49:51 CEST.

Flavor Version Tinstall Tcheck Ttotal Status Flags
r-devel-linux-x86_64-debian-clang 0.1.1 16.93 205.07 222.00 NOTE
r-devel-linux-x86_64-debian-gcc 0.1.1 10.87 134.67 145.54 NOTE
r-devel-linux-x86_64-fedora-clang 0.1.1 342.89 NOTE
r-devel-linux-x86_64-fedora-gcc 0.1.1 346.90 NOTE
r-devel-windows-x86_64 0.1.1 19.00 184.00 203.00 OK
r-patched-linux-x86_64 0.1.1 17.56 193.36 210.92 OK
r-release-linux-x86_64 0.1.1 16.30 194.58 210.88 OK
r-release-macos-arm64 0.1.1 95.00 OK
r-release-macos-x86_64 0.1.1 165.00 OK
r-release-windows-x86_64 0.1.1 19.00 187.00 206.00 OK
r-oldrel-macos-arm64 0.1.1 90.00 NOTE
r-oldrel-macos-x86_64 0.1.1 146.00 NOTE
r-oldrel-windows-x86_64 0.1.1 25.00 241.00 266.00 NOTE

Check Details

Version: 0.1.1
Check: CRAN incoming feasibility
Result: NOTE Maintainer: ‘Allison Cynthia Fialkowski <allijazz@uab.edu>’ No Authors@R field in DESCRIPTION. Please add one, modifying Authors@R: person(given = c("Allison", "Cynthia"), family = "Fialkowski", role = c("aut", "cre"), email = "allijazz@uab.edu") as necessary. Found the following (possibly) invalid file URIs: URI: corr_bounds.html From: inst/doc/method_comp.html URI: variable_types From: inst/doc/workflow.html URI: errorloop.html From: inst/doc/workflow.html Found the following \keyword or \concept entries which likely give several index terms: File ‘intercorr_cont.Rd’: \keyword{Fleishman,} \keyword{continuous,} \keyword{correlation,} Flavors: r-devel-linux-x86_64-debian-clang, r-devel-linux-x86_64-debian-gcc

Version: 0.1.1
Check: dependencies in R code
Result: NOTE Namespaces in Imports field not imported from: ‘MASS’ ‘grid’ All declared Imports should be used. Flavors: r-devel-linux-x86_64-fedora-clang, r-devel-linux-x86_64-fedora-gcc

Version: 0.1.1
Check: LazyData
Result: NOTE 'LazyData' is specified without a 'data' directory Flavors: r-oldrel-macos-arm64, r-oldrel-macos-x86_64, r-oldrel-windows-x86_64

These binaries (installable software) and packages are in development.
They may not be fully stable and should be used with caution. We make no claims about them.
Health stats visible at Monitor.