Last updated on 2025-10-10 01:49:19 CEST.
Flavor | Version | Tinstall | Tcheck | Ttotal | Status | Flags |
---|---|---|---|---|---|---|
r-devel-linux-x86_64-debian-clang | 1.15.0 | 62.52 | 379.34 | 441.86 | WARN | |
r-devel-linux-x86_64-debian-gcc | 1.15.0 | 44.88 | 269.19 | 314.07 | WARN | |
r-devel-linux-x86_64-fedora-clang | 1.15.0 | 707.84 | WARN | |||
r-devel-linux-x86_64-fedora-gcc | 1.15.0 | 645.87 | WARN | |||
r-devel-windows-x86_64 | 1.15.0 | 82.00 | 365.00 | 447.00 | WARN | |
r-patched-linux-x86_64 | 1.15.0 | 62.50 | 353.76 | 416.26 | OK | |
r-release-linux-x86_64 | 1.15.0 | 64.87 | 352.91 | 417.78 | OK | |
r-release-macos-arm64 | 1.15.0 | 182.00 | OK | |||
r-release-macos-x86_64 | 1.15.0 | 325.00 | OK | |||
r-release-windows-x86_64 | 1.15.0 | 81.00 | 375.00 | 456.00 | OK | |
r-oldrel-macos-arm64 | 1.15.0 | 202.00 | NOTE | |||
r-oldrel-macos-x86_64 | 1.15.0 | 352.00 | NOTE | |||
r-oldrel-windows-x86_64 | 1.15.0 | 107.00 | 490.00 | 597.00 | NOTE |
Version: 1.15.0
Check: whether startup messages can be suppressed
Result: NOTE
No methods found in package ‘GenomeInfoDb’ for request: ‘merge’ when loading ‘Signac’
It looks like this package (or a package it requires) has a startup
message which cannot be suppressed: see ?packageStartupMessage.
Flavors: r-devel-linux-x86_64-debian-clang, r-devel-linux-x86_64-debian-gcc, r-devel-linux-x86_64-fedora-clang, r-devel-linux-x86_64-fedora-gcc, r-devel-windows-x86_64
Version: 1.15.0
Check: Rd cross-references
Result: WARN
Missing link(s) in Rd file 'GenomeBinMatrix.Rd':
‘[GenomeInfoDb]{seqlengths}’
Missing link(s) in Rd file 'seqinfo-methods.Rd':
‘[GenomeInfoDb]{seqinfo}’
See section 'Cross-references' in the 'Writing R Extensions' manual.
Flavors: r-devel-linux-x86_64-debian-clang, r-devel-linux-x86_64-debian-gcc, r-devel-linux-x86_64-fedora-clang, r-devel-windows-x86_64
Version: 1.15.0
Check: Rd cross-references
Result: WARN
Packages unavailable to check Rd xrefs: ‘motifmatchr’, ‘TFBSTools’, ‘chromVAR’
Missing link(s) in Rd file 'GenomeBinMatrix.Rd':
‘[GenomeInfoDb]{seqlengths}’
Missing link(s) in Rd file 'seqinfo-methods.Rd':
‘[GenomeInfoDb]{seqinfo}’
See section 'Cross-references' in the 'Writing R Extensions' manual.
Flavor: r-devel-linux-x86_64-fedora-gcc
Version: 1.15.0
Check: installed package size
Result: NOTE
installed size is 14.8Mb
sub-directories of 1Mb or more:
R 2.1Mb
extdata 9.8Mb
libs 1.9Mb
Flavors: r-oldrel-macos-arm64, r-oldrel-macos-x86_64, r-oldrel-windows-x86_64
These binaries (installable software) and packages are in development.
They may not be fully stable and should be used with caution. We make no claims about them.
Health stats visible at Monitor.