Last updated on 2025-05-07 22:48:40 CEST.
Flavor | Version | Tinstall | Tcheck | Ttotal | Status | Flags |
---|---|---|---|---|---|---|
r-devel-linux-x86_64-debian-clang | 2.1 | 27.50 | 62.20 | 89.70 | NOTE | |
r-devel-linux-x86_64-debian-gcc | 2.1 | 20.60 | 45.58 | 66.18 | NOTE | |
r-devel-linux-x86_64-fedora-clang | 2.1 | 149.78 | OK | |||
r-devel-linux-x86_64-fedora-gcc | 2.1 | 146.44 | OK | |||
r-devel-windows-x86_64 | 2.1 | 33.00 | 90.00 | 123.00 | OK | |
r-patched-linux-x86_64 | 2.1 | 28.57 | 58.68 | 87.25 | OK | |
r-release-linux-x86_64 | 2.1 | 26.84 | 59.10 | 85.94 | OK | |
r-release-macos-arm64 | 2.1 | 45.00 | OK | |||
r-release-macos-x86_64 | 2.1 | 77.00 | OK | |||
r-release-windows-x86_64 | 2.1 | 33.00 | 96.00 | 129.00 | OK | |
r-oldrel-macos-arm64 | 2.1 | 38.00 | OK | |||
r-oldrel-macos-x86_64 | 2.1 | 58.00 | OK | |||
r-oldrel-windows-x86_64 | 2.1 | 39.00 | 113.00 | 152.00 | OK |
Version: 2.1
Check: CRAN incoming feasibility
Result: NOTE
Maintainer: ‘Tianyu Zhang <tianyuz3@andrew.cmu.edu>’
No Authors@R field in DESCRIPTION.
Please add one, modifying
Authors@R: person(given = "Tianyu",
family = "Zhang",
role = c("aut", "cre"),
email = "tianyuz3@andrew.cmu.edu")
as necessary.
The Description field contains
methods can be found in: <arXiv:2206.02994>
<arXiv:2104.00846><arXiv:2310.12140>.
Please refer to arXiv e-prints via their arXiv DOI <doi:10.48550/arXiv.YYMM.NNNNN>.
Found the following \keyword or \concept entries
which likely give several index terms:
File ‘Sieve-package.Rd’:
\keyword{sieve estimation; estimation using orthog [TRUNCATED]
Flavors: r-devel-linux-x86_64-debian-clang, r-devel-linux-x86_64-debian-gcc
These binaries (installable software) and packages are in development.
They may not be fully stable and should be used with caution. We make no claims about them.
Health stats visible at Monitor.