CRAN Package Check Results for Package Seurat

Last updated on 2025-05-03 22:50:09 CEST.

Flavor Version Tinstall Tcheck Ttotal Status Flags
r-devel-linux-x86_64-debian-clang 5.3.0 114.78 691.52 806.30 OK
r-devel-linux-x86_64-debian-gcc 5.3.0 78.83 462.86 541.69 OK
r-devel-linux-x86_64-fedora-clang 5.3.0 1361.97 OK
r-devel-linux-x86_64-fedora-gcc 5.3.0 1280.11 OK
r-devel-windows-x86_64 5.3.0 119.00 819.00 938.00 OK
r-patched-linux-x86_64 5.3.0 124.22 668.05 792.27 OK
r-release-linux-x86_64 OK
r-release-macos-arm64 5.3.0 232.00 OK
r-release-macos-x86_64 5.3.0 443.00 OK
r-release-windows-x86_64 5.3.0 115.00 792.00 907.00 OK
r-oldrel-macos-arm64 5.3.0 276.00 NOTE
r-oldrel-macos-x86_64 5.3.0 507.00 NOTE
r-oldrel-windows-x86_64 5.3.0 149.00 1115.00 1264.00 NOTE

Check Details

Version: 5.3.0
Check: package dependencies
Result: NOTE Packages suggested but not available for checking: 'BPCells', 'presto' Flavors: r-oldrel-macos-arm64, r-oldrel-windows-x86_64

Version: 5.3.0
Check: installed package size
Result: NOTE installed size is 11.3Mb sub-directories of 1Mb or more: R 2.0Mb libs 8.3Mb Flavors: r-oldrel-macos-arm64, r-oldrel-macos-x86_64

Version: 5.3.0
Check: package dependencies
Result: NOTE Packages suggested but not available for checking: 'BPCells', 'monocle', 'presto' Flavor: r-oldrel-macos-x86_64

These binaries (installable software) and packages are in development.
They may not be fully stable and should be used with caution. We make no claims about them.
Health stats visible at Monitor.