Last updated on 2025-05-15 11:50:15 CEST.
Flavor | Version | Tinstall | Tcheck | Ttotal | Status | Flags |
---|---|---|---|---|---|---|
r-devel-linux-x86_64-debian-clang | 0.1.0 | 4.15 | 22.44 | 26.59 | NOTE | |
r-devel-linux-x86_64-debian-gcc | 0.1.0 | 3.17 | 17.56 | 20.73 | NOTE | |
r-devel-linux-x86_64-fedora-clang | 0.1.0 | 40.86 | NOTE | |||
r-devel-linux-x86_64-fedora-gcc | 0.1.0 | 38.34 | NOTE | |||
r-devel-windows-x86_64 | 0.1.0 | 5.00 | 44.00 | 49.00 | NOTE | |
r-patched-linux-x86_64 | 0.1.0 | 3.30 | 21.30 | 24.60 | NOTE | |
r-release-linux-x86_64 | 0.1.0 | 3.38 | 21.35 | 24.73 | NOTE | |
r-release-macos-arm64 | 0.1.0 | 19.00 | NOTE | |||
r-release-macos-x86_64 | 0.1.0 | 30.00 | NOTE | |||
r-release-windows-x86_64 | 0.1.0 | 6.00 | 51.00 | 57.00 | NOTE | |
r-oldrel-macos-arm64 | 0.1.0 | 18.00 | NOTE | |||
r-oldrel-macos-x86_64 | 0.1.0 | 25.00 | NOTE | |||
r-oldrel-windows-x86_64 | 0.1.0 | 6.00 | 47.00 | 53.00 | NOTE |
Version: 0.1.0
Check: CRAN incoming feasibility
Result: NOTE
Maintainer: ‘Adam Kapelner <kapelner@qc.cuny.edu>’
The Description field contains
<arXiv:2010.05980>.
Please refer to arXiv e-prints via their arXiv DOI <doi:10.48550/arXiv.YYMM.NNNNN>.
Flavors: r-devel-linux-x86_64-debian-clang, r-devel-linux-x86_64-debian-gcc
Version: 0.1.0
Check: Rd files
Result: NOTE
checkRd: (-1) SeqDesignInference.Rd:319: Lost braces; missing escapes or markup?
319 | (a) difference in means estimator i.e. [ybar_T - ybar_C +/- t_{alpha/2, n_T + n_C - 2} s_{ybar_T - ybar_C}] or
| ^
checkRd: (-1) SeqDesignInference.Rd:319: Lost braces; missing escapes or markup?
319 | (a) difference in means estimator i.e. [ybar_T - ybar_C +/- t_{alpha/2, n_T + n_C - 2} s_{ybar_T - ybar_C}] or
| ^
checkRd: (-1) SeqDesignInference.Rd:320: Lost braces; missing escapes or markup?
320 | (b) the OLS estimator i.e. [beta_hat_T +/- t_{alpha/2, n + p - 2} s_{beta_hat_T}]
| ^
checkRd: (-1) SeqDesignInference.Rd:320: Lost braces; missing escapes or markup?
320 | (b) the OLS estimator i.e. [beta_hat_T +/- t_{alpha/2, n + p - 2} s_{beta_hat_T}]
| ^
Flavors: r-devel-linux-x86_64-debian-clang, r-devel-linux-x86_64-debian-gcc, r-devel-linux-x86_64-fedora-clang, r-devel-linux-x86_64-fedora-gcc, r-devel-windows-x86_64, r-patched-linux-x86_64, r-release-linux-x86_64, r-release-macos-arm64, r-release-macos-x86_64, r-release-windows-x86_64, r-oldrel-macos-arm64, r-oldrel-macos-x86_64, r-oldrel-windows-x86_64
These binaries (installable software) and packages are in development.
They may not be fully stable and should be used with caution. We make no claims about them.
Health stats visible at Monitor.