Last updated on 2025-05-11 21:50:21 CEST.
Flavor | Version | Tinstall | Tcheck | Ttotal | Status | Flags |
---|---|---|---|---|---|---|
r-devel-linux-x86_64-debian-clang | 1.3.4 | 4.55 | 41.47 | 46.02 | NOTE | |
r-devel-linux-x86_64-debian-gcc | 1.3.7 | 3.86 | 33.29 | 37.15 | OK | |
r-devel-linux-x86_64-fedora-clang | 1.3.7 | 48.03 | OK | |||
r-devel-linux-x86_64-fedora-gcc | 1.3.7 | 60.45 | OK | |||
r-devel-windows-x86_64 | 1.3.7 | 8.00 | 64.00 | 72.00 | OK | |
r-patched-linux-x86_64 | 1.3.7 | 7.50 | 42.76 | 50.26 | OK | |
r-release-linux-x86_64 | 1.3.7 | 5.85 | 42.99 | 48.84 | OK | |
r-release-macos-arm64 | 1.3.7 | 34.00 | OK | |||
r-release-macos-x86_64 | 1.3.7 | 70.00 | OK | |||
r-release-windows-x86_64 | 1.3.7 | 9.00 | 79.00 | 88.00 | OK | |
r-oldrel-macos-arm64 | 1.3.7 | 39.00 | OK | |||
r-oldrel-macos-x86_64 | 1.3.7 | 68.00 | OK | |||
r-oldrel-windows-x86_64 | 1.3.4 | 9.00 | 75.00 | 84.00 | NOTE |
Version: 1.3.4
Check: CRAN incoming feasibility
Result: NOTE
Maintainer: ‘Alexander P. Christensen <alexpaulchristensen@gmail.com>’
Problems when reading CITATION file:
It is recommended to use ‘given’ instead of ‘middle’.
Flavor: r-devel-linux-x86_64-debian-clang
Version: 1.3.4
Check: Rd files
Result: NOTE
checkRd: (-1) convert2snafu.Rd:26: Lost braces in \itemize; meant \describe ?
checkRd: (-1) convert2snafu.Rd:28-29: Lost braces in \itemize; meant \describe ?
checkRd: (-1) convert2snafu.Rd:31-32: Lost braces in \itemize; meant \describe ?
checkRd: (-1) convert2snafu.Rd:34: Lost braces in \itemize; meant \describe ?
checkRd: (-1) convert2snafu.Rd:36: Lost braces in \itemize; meant \describe ?
checkRd: (-1) convert2snafu.Rd:38: Lost braces in \itemize; meant \describe ?
checkRd: (-1) convert2snafu.Rd:40-41: Lost braces in \itemize; meant \describe ?
checkRd: (-1) correct.changes.Rd:24-25: Lost braces in \itemize; \value handles \item{}{} directly
checkRd: (-1) correct.changes.Rd:28-29: Lost braces in \itemize; \value handles \item{}{} directly
checkRd: (-1) correct.changes.Rd:40: Lost braces in \itemize; \value handles \item{}{} directly
checkRd: (-1) correct.changes.Rd:43: Lost braces in \itemize; \value handles \item{}{} directly
checkRd: (-1) correct.changes.Rd:46: Lost braces in \itemize; \value handles \item{}{} directly
checkRd: (-1) correct.changes.Rd:57: Lost braces in \itemize; \value handles \item{}{} directly
checkRd: (-1) correct.changes.Rd:60: Lost braces in \itemize; \value handles \item{}{} directly
checkRd: (-1) textcleaner.Rd:50: Lost braces in \itemize; meant \describe ?
checkRd: (-1) textcleaner.Rd:53: Lost braces in \itemize; meant \describe ?
checkRd: (-1) textcleaner.Rd:100-101: Lost braces in \itemize; \value handles \item{}{} directly
checkRd: (-1) textcleaner.Rd:104-105: Lost braces in \itemize; \value handles \item{}{} directly
checkRd: (-1) textcleaner.Rd:116: Lost braces in \itemize; \value handles \item{}{} directly
checkRd: (-1) textcleaner.Rd:119: Lost braces in \itemize; \value handles \item{}{} directly
checkRd: (-1) textcleaner.Rd:130: Lost braces in \itemize; \value handles \item{}{} directly
checkRd: (-1) textcleaner.Rd:133: Lost braces in \itemize; \value handles \item{}{} directly
Flavors: r-devel-linux-x86_64-debian-clang, r-oldrel-windows-x86_64
Version: 1.3.4
Check: Rd cross-references
Result: NOTE
Found the following Rd file(s) with Rd \link{} targets missing package
anchors:
SemNetCleaner-package.Rd: SemNetDictionaries
best.guess.Rd: SemNetDictionaries
textcleaner.Rd: SemNetDictionaries
Please provide package anchors for all Rd \link{} targets not in the
package itself and the base packages.
Flavor: r-devel-linux-x86_64-debian-clang
These binaries (installable software) and packages are in development.
They may not be fully stable and should be used with caution. We make no claims about them.
Health stats visible at Monitor.