CRAN Package Check Results for Package SelectBoost

Last updated on 2025-05-03 22:50:09 CEST.

Flavor Version Tinstall Tcheck Ttotal Status Flags
r-devel-linux-x86_64-debian-clang 2.2.2 17.82 125.24 143.06 NOTE
r-devel-linux-x86_64-debian-gcc 2.2.2 11.15 89.98 101.13 NOTE
r-devel-linux-x86_64-fedora-clang 2.2.2 241.68 OK
r-devel-linux-x86_64-fedora-gcc 2.2.2 224.76 OK
r-devel-windows-x86_64 2.2.2 18.00 134.00 152.00 OK
r-patched-linux-x86_64 2.2.2 15.59 117.52 133.11 OK
r-release-linux-x86_64 OK
r-release-macos-arm64 2.2.2 70.00 OK
r-release-macos-x86_64 2.2.2 139.00 OK
r-release-windows-x86_64 2.2.2 18.00 137.00 155.00 OK
r-oldrel-macos-arm64 2.2.2 61.00 OK
r-oldrel-macos-x86_64 2.2.2 103.00 OK
r-oldrel-windows-x86_64 2.2.2 23.00 171.00 194.00 OK

Check Details

Version: 2.2.2
Check: CRAN incoming feasibility
Result: NOTE Maintainer: ‘Frederic Bertrand <frederic.bertrand@utt.fr>’ Package CITATION file contains call(s) to old-style personList() or as.personList(). Please use c() on person objects instead. Package CITATION file contains call(s) to old-style citEntry(). Please use bibentry() instead. Flavors: r-devel-linux-x86_64-debian-clang, r-devel-linux-x86_64-debian-gcc

These binaries (installable software) and packages are in development.
They may not be fully stable and should be used with caution. We make no claims about them.
Health stats visible at Monitor.