CRAN Package Check Results for Package Sejong

Last updated on 2025-05-15 09:52:42 CEST.

Flavor Version Tinstall Tcheck Ttotal Status Flags
r-devel-linux-x86_64-debian-clang 0.01 1.63 12.20 13.83 NOTE
r-devel-linux-x86_64-debian-gcc 0.01 1.33 10.47 11.80 NOTE
r-devel-linux-x86_64-fedora-clang 0.01 20.85 NOTE
r-devel-linux-x86_64-fedora-gcc 0.01 19.57 NOTE
r-devel-windows-x86_64 0.01 3.00 22.00 25.00 NOTE
r-patched-linux-x86_64 0.01 1.50 11.59 13.09 NOTE
r-release-linux-x86_64 0.01 1.60 11.64 13.24 NOTE
r-release-macos-arm64 0.01 12.00 NOTE
r-release-macos-x86_64 0.01 15.00 NOTE
r-release-windows-x86_64 0.01 3.00 23.00 26.00 NOTE
r-oldrel-macos-arm64 0.01 11.00 NOTE
r-oldrel-macos-x86_64 0.01 15.00 NOTE
r-oldrel-windows-x86_64 0.01 2.00 23.00 25.00 NOTE

Check Details

Version: 0.01
Check: CRAN incoming feasibility
Result: NOTE Maintainer: ‘Heewon Jeon <madjakarta@gmail.com>’ No Authors@R field in DESCRIPTION. Please add one, modifying Authors@R: person(given = "Heewon", family = "Jeon", role = c("aut", "cre"), email = "madjakarta@gmail.com") as necessary. The Description field contains Sejong(http://www.sejong.or.kr/) corpus and Hannanum(http://semanticweb.kaist.ac.kr/home/index.php/HanNanum) Please enclose URLs in angle brackets (<...>). Flavors: r-devel-linux-x86_64-debian-clang, r-devel-linux-x86_64-debian-gcc

Version: 0.01
Check: DESCRIPTION meta-information
Result: NOTE Malformed Title field: should not end in a period. Malformed Description field: should contain one or more complete sentences. Flavors: r-devel-linux-x86_64-debian-clang, r-devel-linux-x86_64-debian-gcc, r-devel-linux-x86_64-fedora-clang, r-devel-linux-x86_64-fedora-gcc, r-devel-windows-x86_64, r-patched-linux-x86_64, r-release-linux-x86_64, r-release-macos-arm64, r-release-macos-x86_64, r-release-windows-x86_64, r-oldrel-macos-arm64, r-oldrel-macos-x86_64, r-oldrel-windows-x86_64

These binaries (installable software) and packages are in development.
They may not be fully stable and should be used with caution. We make no claims about them.
Health stats visible at Monitor.