CRAN Package Check Results for Package ScreeNOT

Last updated on 2025-05-15 11:50:14 CEST.

Flavor Version Tinstall Tcheck Ttotal Status Flags
r-devel-linux-x86_64-debian-clang 0.1.0 1.49 21.14 22.63 NOTE
r-devel-linux-x86_64-debian-gcc 0.1.0 1.33 19.13 20.46 NOTE
r-devel-linux-x86_64-fedora-clang 0.1.0 37.02 OK
r-devel-linux-x86_64-fedora-gcc 0.1.0 36.45 OK
r-devel-windows-x86_64 0.1.0 3.00 45.00 48.00 OK
r-patched-linux-x86_64 0.1.0 1.36 23.70 25.06 OK
r-release-linux-x86_64 0.1.0 1.43 23.99 25.42 OK
r-release-macos-arm64 0.1.0 20.00 OK
r-release-macos-x86_64 0.1.0 33.00 OK
r-release-windows-x86_64 0.1.0 3.00 46.00 49.00 OK
r-oldrel-macos-arm64 0.1.0 18.00 OK
r-oldrel-macos-x86_64 0.1.0 27.00 OK
r-oldrel-windows-x86_64 0.1.0 3.00 47.00 50.00 OK

Check Details

Version: 0.1.0
Check: CRAN incoming feasibility
Result: NOTE Maintainer: ‘Elad Romanov <elad.romanov@gmail.com>’ The Description field contains appear). <arXiv:2009.12297>. Please refer to arXiv e-prints via their arXiv DOI <doi:10.48550/arXiv.YYMM.NNNNN>. Flavors: r-devel-linux-x86_64-debian-clang, r-devel-linux-x86_64-debian-gcc

These binaries (installable software) and packages are in development.
They may not be fully stable and should be used with caution. We make no claims about them.
Health stats visible at Monitor.