Last updated on 2025-05-17 15:50:55 CEST.
Flavor | Version | Tinstall | Tcheck | Ttotal | Status | Flags |
---|---|---|---|---|---|---|
r-devel-linux-x86_64-debian-clang | 0.2.6 | 11.06 | 96.49 | 107.55 | OK | |
r-devel-linux-x86_64-debian-gcc | 0.2.6 | 7.62 | 68.73 | 76.35 | OK | |
r-devel-linux-x86_64-fedora-clang | 0.2.6 | 172.16 | OK | |||
r-devel-linux-x86_64-fedora-gcc | 0.2.6 | 169.24 | OK | |||
r-devel-windows-x86_64 | 0.2.6 | 17.00 | 122.00 | 139.00 | OK | |
r-patched-linux-x86_64 | 0.2.4 | 12.74 | 91.36 | 104.10 | OK | |
r-release-linux-x86_64 | 0.2.4 | 9.80 | 91.71 | 101.51 | OK | |
r-release-macos-arm64 | 0.2.6 | 47.00 | OK | |||
r-release-macos-x86_64 | 0.2.4 | 96.00 | OK | |||
r-release-windows-x86_64 | 0.2.6 | 11.00 | 125.00 | 136.00 | OK | |
r-oldrel-macos-arm64 | 0.2.6 | 54.00 | OK | |||
r-oldrel-macos-x86_64 | 0.2.6 | 83.00 | ERROR | |||
r-oldrel-windows-x86_64 | 0.2.4 | 20.00 | 135.00 | 155.00 | OK |
Version: 0.2.6
Check: examples
Result: ERROR
Running examples in ‘SchoolDataIT-Ex.R’ failed
The error most likely occurred in:
> ### Name: Get_nteachers_prov
> ### Title: Download the number of teachers in Italian schools by province
> ### Aliases: Get_nteachers_prov
>
> ### ** Examples
>
>
>
> nteachers23 <- Get_nteachers_prov(2023, filename = "DOCTIT", autoAbort = TRUE)
Found DOCTIT20222320230831.csv as element 1
Error in writeLines(sub("\n$", "", x), con, useBytes = TRUE) :
Error writing to connection: No space left on device
Calls: Get_nteachers_prov ... <Anonymous> -> standardise_path -> chr_to_file -> writeLines
Execution halted
Flavor: r-oldrel-macos-x86_64
Version: 0.2.6
Check: PDF version of manual
Result: ERROR
Rd conversion errors:
Converting parsed Rd's to LaTeX ..Warning in close.connection(con) :
Problem closing connection: No space left on device
Warning in close.connection(con) :
Problem closing connection: No space left on device
Warning in close.connection(con) :
Problem closing connection: No space left on device
Warning in close.connection(con) :
Problem closing connection: No space left on device
Warning in close.connection(con) :
Problem closing connection: No space left on device
Warning in close.connection(con) :
Problem closing connection: No space left on device
Error in writeLines(x, con, useBytes = TRUE, ...) :
Error writing to connection: No space left on device
Flavor: r-oldrel-macos-x86_64
These binaries (installable software) and packages are in development.
They may not be fully stable and should be used with caution. We make no claims about them.
Health stats visible at Monitor.