Last updated on 2025-05-15 09:52:41 CEST.
Flavor | Version | Tinstall | Tcheck | Ttotal | Status | Flags |
---|---|---|---|---|---|---|
r-devel-linux-x86_64-debian-clang | 1.2 | 2.42 | 30.36 | 32.78 | NOTE | |
r-devel-linux-x86_64-debian-gcc | 1.2 | 1.76 | 23.74 | 25.50 | NOTE | |
r-devel-linux-x86_64-fedora-clang | 1.2 | 48.77 | OK | |||
r-devel-linux-x86_64-fedora-gcc | 1.2 | 48.25 | OK | |||
r-devel-windows-x86_64 | 1.2 | 4.00 | 51.00 | 55.00 | OK | |
r-patched-linux-x86_64 | 1.2 | 2.73 | 29.19 | 31.92 | OK | |
r-release-linux-x86_64 | 1.2 | 2.24 | 28.92 | 31.16 | OK | |
r-release-macos-arm64 | 1.2 | 21.00 | OK | |||
r-release-macos-x86_64 | 1.2 | 35.00 | OK | |||
r-release-windows-x86_64 | 1.2 | 3.00 | 52.00 | 55.00 | OK | |
r-oldrel-macos-arm64 | 1.2 | 19.00 | OK | |||
r-oldrel-macos-x86_64 | 1.2 | 44.00 | OK | |||
r-oldrel-windows-x86_64 | 1.2 | 3.00 | 51.00 | 54.00 | OK |
Version: 1.2
Check: CRAN incoming feasibility
Result: NOTE
Maintainer: ‘Santos J. González-Rojí <santosjose.gonzalez@ehu.eus>’
Package CITATION file contains call(s) to old-style citEntry(). Please
use bibentry() instead.
Found the following URLs which should use \doi (with the DOI name only):
File ‘Dragonera.Rd’:
https://doi.org/10.1016/j.apenergy.2017.09.030
File ‘EstacaDeBares.Rd’:
https://doi.org/10.1016/j.oceaneng.2015.05.038
https://doi.org/10.1109/JOE.2016.2529400
File ‘SailoR-package.Rd’:
https://doi.org/10.5194/gmd-13-3221-2020
File ‘WRF.Rd’:
https://doi.org/10.1002/2017JD027511
https://doi.org/10.1007/s00382-019-04673-9
Flavors: r-devel-linux-x86_64-debian-clang, r-devel-linux-x86_64-debian-gcc
These binaries (installable software) and packages are in development.
They may not be fully stable and should be used with caution. We make no claims about them.
Health stats visible at Monitor.