Last updated on 2025-05-15 11:50:17 CEST.
Flavor | Version | Tinstall | Tcheck | Ttotal | Status | Flags |
---|---|---|---|---|---|---|
r-devel-linux-x86_64-debian-clang | 1.0.0 | 9.54 | 130.06 | 139.60 | NOTE | |
r-devel-linux-x86_64-debian-gcc | 1.0.0 | 6.05 | 94.94 | 100.99 | NOTE | |
r-devel-linux-x86_64-fedora-clang | 1.0.0 | 208.65 | NOTE | |||
r-devel-linux-x86_64-fedora-gcc | 1.0.0 | 219.71 | NOTE | |||
r-devel-windows-x86_64 | 1.0.0 | 12.00 | 145.00 | 157.00 | NOTE | |
r-patched-linux-x86_64 | 1.0.0 | 9.54 | 120.85 | 130.39 | NOTE | |
r-release-linux-x86_64 | 1.0.0 | 9.84 | 122.85 | 132.69 | NOTE | |
r-release-macos-arm64 | 1.0.0 | 66.00 | NOTE | |||
r-release-macos-x86_64 | 1.0.0 | 120.00 | NOTE | |||
r-release-windows-x86_64 | 1.0.0 | 12.00 | 144.00 | 156.00 | NOTE | |
r-oldrel-macos-arm64 | 1.0.0 | 65.00 | NOTE | |||
r-oldrel-macos-x86_64 | 1.0.0 | 95.00 | NOTE | |||
r-oldrel-windows-x86_64 | 1.0.0 | 14.00 | 172.00 | 186.00 | NOTE |
Version: 1.0.0
Check: CRAN incoming feasibility
Result: NOTE
Maintainer: ‘Silvana M. Pesenti <swimpackage@gmail.com>’
Package CITATION file contains call(s) to old-style personList() or
as.personList(). Please use c() on person objects instead.
Package CITATION file contains call(s) to old-style citEntry(). Please
use bibentry() instead.
Flavors: r-devel-linux-x86_64-debian-clang, r-devel-linux-x86_64-debian-gcc
Version: 1.0.0
Check: package subdirectories
Result: NOTE
Problems with news in ‘NEWS.md’:
Cannot extract version info from the following section titles:
Additional functions and data sets
Amendments to functions
Flavors: r-devel-linux-x86_64-debian-clang, r-devel-linux-x86_64-debian-gcc, r-devel-linux-x86_64-fedora-clang, r-devel-linux-x86_64-fedora-gcc, r-devel-windows-x86_64, r-patched-linux-x86_64, r-release-linux-x86_64, r-release-macos-arm64, r-release-macos-x86_64, r-release-windows-x86_64, r-oldrel-macos-arm64, r-oldrel-macos-x86_64, r-oldrel-windows-x86_64
These binaries (installable software) and packages are in development.
They may not be fully stable and should be used with caution. We make no claims about them.
Health stats visible at Monitor.