CRAN Package Check Results for Package STV

Last updated on 2025-05-17 19:52:08 CEST.

Flavor Version Tinstall Tcheck Ttotal Status Flags
r-devel-linux-x86_64-debian-clang 1.0.2 1.85 42.58 44.43 WARN
r-devel-linux-x86_64-debian-gcc 1.0.2 1.56 29.38 30.94 WARN
r-devel-linux-x86_64-fedora-clang 1.0.2 70.96 OK
r-devel-linux-x86_64-fedora-gcc 1.0.2 68.25 OK
r-devel-windows-x86_64 1.0.2 3.00 58.00 61.00 OK
r-patched-linux-x86_64 1.0.2 1.96 40.01 41.97 OK
r-release-linux-x86_64 1.0.2 1.84 39.61 41.45 OK
r-release-macos-arm64 1.0.2 24.00 OK
r-release-macos-x86_64 1.0.2 39.00 OK
r-release-windows-x86_64 1.0.2 3.00 59.00 62.00 OK
r-oldrel-macos-arm64 1.0.2 24.00 OK
r-oldrel-macos-x86_64 1.0.2 34.00 OK
r-oldrel-windows-x86_64 1.0.2 4.00 70.00 74.00 OK

Check Details

Version: 1.0.2
Check: top-level files
Result: WARN Conversion of ‘README.md’ failed: Error parsing YAML metadata at "/home/hornik/tmp/R.check/r-devel-clang/Work/PKGS/STV/README.md" (line 26, column 1): YAML parse exception at line 1, column 6, while scanning a block scalar: did not find expected comment or line break Flavor: r-devel-linux-x86_64-debian-clang

Version: 1.0.2
Check: top-level files
Result: WARN Conversion of ‘README.md’ failed: Error parsing YAML metadata at "/home/hornik/tmp/R.check/r-devel-gcc/Work/PKGS/STV/README.md" (line 26, column 1): YAML parse exception at line 1, column 6, while scanning a block scalar: did not find expected comment or line break Flavor: r-devel-linux-x86_64-debian-gcc

These binaries (installable software) and packages are in development.
They may not be fully stable and should be used with caution. We make no claims about them.
Health stats visible at Monitor.