Last updated on 2025-02-23 19:51:21 CET.
Flavor | Version | Tinstall | Tcheck | Ttotal | Status | Flags |
---|---|---|---|---|---|---|
r-devel-linux-x86_64-debian-clang | 0.9.3.3 | 29.56 | 224.86 | 254.42 | NOTE | |
r-devel-linux-x86_64-debian-gcc | 0.9.3.3 | 19.76 | 162.99 | 182.75 | NOTE | |
r-devel-linux-x86_64-fedora-clang | 0.9.3.3 | 435.99 | OK | |||
r-devel-linux-x86_64-fedora-gcc | 0.9.3.3 | 409.51 | OK | |||
r-devel-macos-arm64 | 0.9.3.3 | 136.00 | OK | |||
r-devel-macos-x86_64 | 0.9.3.3 | 270.00 | ERROR | |||
r-devel-windows-x86_64 | 0.9.3.3 | 32.00 | 265.00 | 297.00 | NOTE | |
r-patched-linux-x86_64 | 0.9.3.3 | 33.09 | 208.28 | 241.37 | OK | |
r-release-linux-x86_64 | 0.9.3.3 | 30.43 | 208.84 | 239.27 | OK | |
r-release-macos-arm64 | 0.9.3.3 | 118.00 | OK | |||
r-release-macos-x86_64 | 0.9.3.3 | 276.00 | OK | |||
r-release-windows-x86_64 | 0.9.3.3 | 36.00 | 239.00 | 275.00 | OK | |
r-oldrel-macos-arm64 | 0.9.3.3 | 131.00 | OK | |||
r-oldrel-macos-x86_64 | 0.9.3.3 | 248.00 | OK | |||
r-oldrel-windows-x86_64 | 0.9.3.3 | 45.00 | 312.00 | 357.00 | OK |
Version: 0.9.3.3
Check: Rd cross-references
Result: NOTE
Found the following Rd file(s) with Rd \link{} targets missing package
anchors:
LinearTSVMSSLR.Rd: SVM
Please provide package anchors for all Rd \link{} targets not in the
package itself and the base packages.
Flavors: r-devel-linux-x86_64-debian-clang, r-devel-linux-x86_64-debian-gcc, r-devel-windows-x86_64
Version: 0.9.3.3
Check: re-building of vignette outputs
Result: ERROR
Error(s) in re-building vignettes:
--- re-building ‘classification.Rmd’ using rmarkdown
--- finished re-building ‘classification.Rmd’
--- re-building ‘clustering.Rmd’ using rmarkdown
Quitting from lines 70-73 [clusters] (clustering.Rmd)
Error: processing vignette 'clustering.Rmd' failed with diagnostics:
there is no package called 'factoextra'
--- failed re-building ‘clustering.Rmd’
--- re-building ‘fit.Rmd’ using rmarkdown
--- finished re-building ‘fit.Rmd’
--- re-building ‘introduction.Rmd’ using rmarkdown
--- finished re-building ‘introduction.Rmd’
--- re-building ‘models.Rmd’ using rmarkdown
--- finished re-building ‘models.Rmd’
--- re-building ‘regression.Rmd’ using rmarkdown
--- finished re-building ‘regression.Rmd’
SUMMARY: processing the following file failed:
‘clustering.Rmd’
Error: Vignette re-building failed.
Execution halted
Flavor: r-devel-macos-x86_64
These binaries (installable software) and packages are in development.
They may not be fully stable and should be used with caution. We make no claims about them.
Health stats visible at Monitor.