Last updated on 2025-02-02 05:48:37 CET.
Flavor | Version | Tinstall | Tcheck | Ttotal | Status | Flags |
---|---|---|---|---|---|---|
r-devel-linux-x86_64-debian-clang | 2021.1 | 2.35 | 26.27 | 28.62 | NOTE | |
r-devel-linux-x86_64-debian-gcc | 2021.1 | 1.64 | 21.68 | 23.32 | NOTE | |
r-devel-linux-x86_64-fedora-clang | 2021.1 | 46.03 | NOTE | |||
r-devel-linux-x86_64-fedora-gcc | 2021.1 | 55.07 | NOTE | |||
r-devel-windows-x86_64 | 2021.1 | 4.00 | 58.00 | 62.00 | NOTE | |
r-patched-linux-x86_64 | 2021.1 | 2.32 | 24.17 | 26.49 | NOTE | |
r-release-linux-x86_64 | 2021.1 | 1.90 | 24.02 | 25.92 | NOTE | |
r-release-macos-arm64 | 2021.1 | 28.00 | NOTE | |||
r-release-macos-x86_64 | 2021.1 | 34.00 | NOTE | |||
r-release-windows-x86_64 | 2021.1 | 3.00 | 56.00 | 59.00 | NOTE | |
r-oldrel-macos-arm64 | 2021.1 | 27.00 | OK | |||
r-oldrel-macos-x86_64 | 2021.1 | 37.00 | OK | |||
r-oldrel-windows-x86_64 | 2021.1 | 3.00 | 58.00 | 61.00 | OK |
Version: 2021.1
Check: Rd files
Result: NOTE
checkRd: (-1) fpiter.Rd:55-58: Lost braces
55 | \code{tol}{ - a small, positive scalar that determines when iterations
| ^
checkRd: (-1) fpiter.Rd:60-61: Lost braces
60 | \code{maxiter}{ - an integer denoting the maximum limit on the number of
| ^
checkRd: (-1) fpiter.Rd:63-65: Lost braces
63 | \code{trace}{ - a logical variable denoting whether some of the intermediate
| ^
checkRd: (-1) fpiter.Rd:67-70: Lost braces
67 | \code{intermed}}{ - a logical variable denoting whether the intermediate
| ^
checkRd: (-1) squarem.Rd:134: Lost braces
134 | along with the corresponding log-likelihood value. When the code{objfn} is not specified it will return the fixed-point residual instead of the objective function values.
| ^
Flavors: r-devel-linux-x86_64-debian-clang, r-devel-linux-x86_64-debian-gcc, r-devel-linux-x86_64-fedora-clang, r-devel-linux-x86_64-fedora-gcc, r-devel-windows-x86_64, r-patched-linux-x86_64, r-release-linux-x86_64, r-release-macos-arm64, r-release-macos-x86_64, r-release-windows-x86_64
Version: 2021.1
Check: for unstated dependencies in ‘demo’
Result: NOTE
'library' or 'require' call not declared from: ‘interval’
Flavors: r-devel-linux-x86_64-debian-clang, r-devel-linux-x86_64-debian-gcc
These binaries (installable software) and packages are in development.
They may not be fully stable and should be used with caution. We make no claims about them.
Health stats visible at Monitor.