CRAN Package Check Results for Package SPAS

Last updated on 2025-02-23 19:51:21 CET.

Flavor Version Tinstall Tcheck Ttotal Status Flags
r-devel-linux-x86_64-debian-clang 2025.2.1 84.04 108.64 192.68 OK
r-devel-linux-x86_64-debian-gcc 2025.2.1 73.54 83.97 157.51 OK
r-devel-linux-x86_64-fedora-clang 2025.2.1 332.09 OK
r-devel-linux-x86_64-fedora-gcc 2025.2.1 374.99 OK
r-devel-macos-arm64 2025.2.1 83.00 OK
r-devel-macos-x86_64 2025.2.1 251.00 OK
r-devel-windows-x86_64 2025.2.1 84.00 141.00 225.00 OK
r-patched-linux-x86_64 2025.2.1 95.08 103.97 199.05 OK
r-release-linux-x86_64 2025.2.1 101.47 106.39 207.86 OK
r-release-macos-arm64 2025.2.1 111.00 NOTE
r-release-macos-x86_64 2025.2.1 250.00 NOTE
r-release-windows-x86_64 2025.2.1 83.00 141.00 224.00 NOTE
r-oldrel-macos-arm64 2024.1.31 93.00 NOTE
r-oldrel-macos-x86_64 2025.2.1 277.00 NOTE
r-oldrel-windows-x86_64 2025.2.1 106.00 174.00 280.00 NOTE

Check Details

Version: 2025.2.1
Check: installed package size
Result: NOTE installed size is 47.7Mb sub-directories of 1Mb or more: libs 46.9Mb Flavors: r-release-macos-arm64, r-release-macos-x86_64, r-release-windows-x86_64, r-oldrel-macos-x86_64, r-oldrel-windows-x86_64

Version: 2024.1.31
Check: installed package size
Result: NOTE installed size is 35.3Mb sub-directories of 1Mb or more: libs 34.5Mb Flavor: r-oldrel-macos-arm64

These binaries (installable software) and packages are in development.
They may not be fully stable and should be used with caution. We make no claims about them.
Health stats visible at Monitor.