Last updated on 2025-05-17 15:50:57 CEST.
Flavor | Version | Tinstall | Tcheck | Ttotal | Status | Flags |
---|---|---|---|---|---|---|
r-devel-linux-x86_64-debian-clang | 1.0.3 | 30.03 | 25.62 | 55.65 | NOTE | |
r-devel-linux-x86_64-debian-gcc | 1.0.3 | 21.05 | 20.12 | 41.17 | NOTE | |
r-devel-linux-x86_64-fedora-clang | 1.0.3 | 93.57 | NOTE | |||
r-devel-linux-x86_64-fedora-gcc | 1.0.3 | 99.05 | NOTE | |||
r-devel-windows-x86_64 | 1.0.3 | 31.00 | 74.00 | 105.00 | NOTE | |
r-patched-linux-x86_64 | 1.0.3 | 28.63 | 25.08 | 53.71 | NOTE | |
r-release-linux-x86_64 | 1.0.3 | 24.60 | 24.95 | 49.55 | NOTE | |
r-release-macos-arm64 | 1.0.3 | 35.00 | NOTE | |||
r-release-macos-x86_64 | 1.0.3 | 51.00 | NOTE | |||
r-release-windows-x86_64 | 1.0.3 | 31.00 | 76.00 | 107.00 | NOTE | |
r-oldrel-macos-arm64 | 1.0.3 | 31.00 | NOTE | |||
r-oldrel-macos-x86_64 | 1.0.3 | 41.00 | NOTE | |||
r-oldrel-windows-x86_64 | 1.0.3 | 37.00 | 80.00 | 117.00 | NOTE |
Version: 1.0.3
Check: CRAN incoming feasibility
Result: NOTE
Maintainer: ‘Adam Lund <adam.lund@math.ku.dk>’
No Authors@R field in DESCRIPTION.
Please add one, modifying
Authors@R: person(given = "Adam",
family = "Lund",
role = c("aut", "cre"),
email = "adam.lund@math.ku.dk")
as necessary.
The Description field contains
Mogensen and Hansen (2019) <arXiv:1805.02407>. Currently Lasso and SCAD
Please refer to arXiv e-prints via their arXiv DOI <doi:10.48550/arXiv.YYMM.NNNNN>.
Flavors: r-devel-linux-x86_64-debian-clang, r-devel-linux-x86_64-debian-gcc
Version: 1.0.3
Check: C++ specification
Result: NOTE
Specified C++11: please drop specification unless essential
Flavors: r-devel-linux-x86_64-debian-clang, r-devel-linux-x86_64-debian-gcc, r-devel-linux-x86_64-fedora-clang, r-devel-linux-x86_64-fedora-gcc, r-devel-windows-x86_64, r-patched-linux-x86_64, r-release-linux-x86_64, r-release-macos-arm64, r-release-macos-x86_64, r-release-windows-x86_64, r-oldrel-macos-arm64, r-oldrel-macos-x86_64, r-oldrel-windows-x86_64
Version: 1.0.3
Check: Rd files
Result: NOTE
checkRd: (-1) SMMA.Rd:115: Lost braces
115 | is the empirical explained variance from \cite{Meinshausen and B{u}hlmann, 2015}. See \cite{Lund et al., 2020} for more details and references.
| ^
checkRd: (-1) SMMA.Rd:170: Lost braces
170 | Meinshausen, N and P. B{u}hlmann (2015). Maximin effects in inhomogeneous large-scale data.
| ^
Flavors: r-devel-linux-x86_64-debian-clang, r-devel-linux-x86_64-debian-gcc, r-devel-linux-x86_64-fedora-clang, r-devel-linux-x86_64-fedora-gcc, r-devel-windows-x86_64, r-patched-linux-x86_64, r-release-linux-x86_64, r-release-macos-arm64, r-release-macos-x86_64, r-release-windows-x86_64, r-oldrel-macos-arm64, r-oldrel-macos-x86_64, r-oldrel-windows-x86_64
These binaries (installable software) and packages are in development.
They may not be fully stable and should be used with caution. We make no claims about them.
Health stats visible at Monitor.