CRAN Package Check Results for Package SMMA

Last updated on 2025-10-10 11:51:18 CEST.

Flavor Version Tinstall Tcheck Ttotal Status Flags
r-devel-linux-x86_64-debian-clang 1.0.3 24.59 27.02 51.61 WARN
r-devel-linux-x86_64-debian-gcc 1.0.3 19.34 21.88 41.22 WARN
r-devel-linux-x86_64-fedora-clang 1.0.3 103.07 NOTE
r-devel-linux-x86_64-fedora-gcc 1.0.3 90.33 NOTE
r-devel-windows-x86_64 1.0.3 32.00 72.00 104.00 NOTE
r-patched-linux-x86_64 1.0.3 28.40 26.46 54.86 NOTE
r-release-linux-x86_64 1.0.3 27.35 26.62 53.97 NOTE
r-release-macos-arm64 1.0.3 35.00 NOTE
r-release-macos-x86_64 1.0.3 51.00 NOTE
r-release-windows-x86_64 1.0.3 32.00 74.00 106.00 NOTE
r-oldrel-macos-arm64 1.0.3 31.00 NOTE
r-oldrel-macos-x86_64 1.0.3 41.00 NOTE
r-oldrel-windows-x86_64 1.0.3 39.00 89.00 128.00 NOTE

Check Details

Version: 1.0.3
Check: CRAN incoming feasibility
Result: NOTE Maintainer: ‘Adam Lund <adam.lund@math.ku.dk>’ No Authors@R field in DESCRIPTION. Please add one, modifying Authors@R: person(given = "Adam", family = "Lund", role = c("aut", "cre"), email = "adam.lund@math.ku.dk") as necessary. The Description field contains Mogensen and Hansen (2019) <arXiv:1805.02407>. Currently Lasso and SCAD Please refer to arXiv e-prints via their arXiv DOI <doi:10.48550/arXiv.YYMM.NNNNN>. Flavors: r-devel-linux-x86_64-debian-clang, r-devel-linux-x86_64-debian-gcc

Version: 1.0.3
Check: whether package can be installed
Result: WARN Found the following significant warnings: /home/hornik/tmp/R.check/r-devel-clang/Work/build/Packages/RcppArmadillo/include/RcppArmadillo/version/arma.h:66:17: warning: Using fallback compilation with Armadillo 14.6.3. Please consider defining -DARMA_USE_CURRENT and also removing C++11 compilation directive. See GitHub issue #475 for more. [-W#pragma-messages] See ‘/home/hornik/tmp/R.check/r-devel-clang/Work/PKGS/SMMA.Rcheck/00install.out’ for details. * used C++ compiler: ‘Debian clang version 19.1.7 (7)’ Flavor: r-devel-linux-x86_64-debian-clang

Version: 1.0.3
Check: C++ specification
Result: NOTE Specified C++11: please drop specification unless essential Flavors: r-devel-linux-x86_64-debian-clang, r-devel-linux-x86_64-debian-gcc, r-devel-linux-x86_64-fedora-clang, r-devel-linux-x86_64-fedora-gcc, r-devel-windows-x86_64, r-patched-linux-x86_64, r-release-linux-x86_64, r-release-macos-arm64, r-release-macos-x86_64, r-release-windows-x86_64, r-oldrel-macos-arm64, r-oldrel-macos-x86_64, r-oldrel-windows-x86_64

Version: 1.0.3
Check: Rd files
Result: NOTE checkRd: (-1) SMMA.Rd:115: Lost braces 115 | is the empirical explained variance from \cite{Meinshausen and B{u}hlmann, 2015}. See \cite{Lund et al., 2020} for more details and references. | ^ checkRd: (-1) SMMA.Rd:170: Lost braces 170 | Meinshausen, N and P. B{u}hlmann (2015). Maximin effects in inhomogeneous large-scale data. | ^ Flavors: r-devel-linux-x86_64-debian-clang, r-devel-linux-x86_64-debian-gcc, r-devel-linux-x86_64-fedora-clang, r-devel-linux-x86_64-fedora-gcc, r-devel-windows-x86_64, r-patched-linux-x86_64, r-release-linux-x86_64, r-release-macos-arm64, r-release-macos-x86_64, r-release-windows-x86_64, r-oldrel-macos-arm64, r-oldrel-macos-x86_64, r-oldrel-windows-x86_64

Version: 1.0.3
Check: whether package can be installed
Result: WARN Found the following significant warnings: /home/hornik/tmp/R.check/r-devel-gcc/Work/build/Packages/RcppArmadillo/include/RcppArmadillo/version/arma.h:66:199: note: ‘#pragma message: Using fallback compilation with Armadillo 14.6.3. Please consider defining -DARMA_USE_CURRENT and also removing C++11 compilation directive. See GitHub issue #475 for more.’ See ‘/home/hornik/tmp/R.check/r-devel-gcc/Work/PKGS/SMMA.Rcheck/00install.out’ for details. * used C++ compiler: ‘g++-15 (Debian 15.2.0-4) 15.2.0’ Flavor: r-devel-linux-x86_64-debian-gcc

These binaries (installable software) and packages are in development.
They may not be fully stable and should be used with caution. We make no claims about them.
Health stats visible at Monitor.