Last updated on 2025-02-23 19:51:21 CET.
Flavor | Version | Tinstall | Tcheck | Ttotal | Status | Flags |
---|---|---|---|---|---|---|
r-devel-linux-x86_64-debian-clang | 1.0.2 | 13.53 | 78.58 | 92.11 | NOTE | |
r-devel-linux-x86_64-debian-gcc | 1.0.2 | 9.86 | 52.73 | 62.59 | NOTE | |
r-devel-linux-x86_64-fedora-clang | 1.0.2 | 162.76 | NOTE | |||
r-devel-linux-x86_64-fedora-gcc | 1.0.2 | 157.09 | NOTE | |||
r-devel-macos-arm64 | 1.0.2 | 52.00 | WARN | |||
r-devel-macos-x86_64 | 1.0.2 | 88.00 | NOTE | |||
r-devel-windows-x86_64 | 1.0.2 | 13.00 | 107.00 | 120.00 | NOTE | |
r-patched-linux-x86_64 | 1.0.2 | 12.86 | 73.90 | 86.76 | NOTE | |
r-release-linux-x86_64 | 1.0.2 | 12.24 | 73.50 | 85.74 | NOTE | |
r-release-macos-arm64 | 1.0.2 | 58.00 | WARN | |||
r-release-macos-x86_64 | 1.0.2 | 69.00 | NOTE | |||
r-release-windows-x86_64 | 1.0.2 | 13.00 | 118.00 | 131.00 | NOTE | |
r-oldrel-macos-arm64 | 1.0.2 | 53.00 | WARN | |||
r-oldrel-macos-x86_64 | 1.0.2 | 90.00 | OK | |||
r-oldrel-windows-x86_64 | 1.0.2 | 18.00 | 120.00 | 138.00 | OK |
Version: 1.0.2
Check: Rd files
Result: NOTE
checkRd: (-1) estimMk.Rd:44: Lost braces; missing escapes or markup?
44 | estimMk returns the transition probability matrix of size (S^{k})xS (with S = length(E))
| ^
Flavors: r-devel-linux-x86_64-debian-clang, r-devel-linux-x86_64-debian-gcc, r-devel-linux-x86_64-fedora-clang, r-devel-linux-x86_64-fedora-gcc, r-devel-macos-arm64, r-devel-macos-x86_64, r-devel-windows-x86_64, r-patched-linux-x86_64, r-release-linux-x86_64, r-release-macos-arm64, r-release-macos-x86_64, r-release-windows-x86_64
Version: 1.0.2
Check: re-building of vignette outputs
Result: WARN
Error(s) in re-building vignettes:
--- re-building ‘smm.Rnw’ using Sweave
Error: processing vignette 'smm.Rnw' failed with diagnostics:
Running 'texi2dvi' on 'smm.tex' failed.
LaTeX errors:
!pdfTeX error: pdflatex (file bbm10): Font bbm10 at 657 not found
==> Fatal error occurred, no output PDF file produced!
--- failed re-building ‘smm.Rnw’
SUMMARY: processing the following file failed:
‘smm.Rnw’
Error: Vignette re-building failed.
Execution halted
Flavors: r-devel-macos-arm64, r-release-macos-arm64
Version: 1.0.2
Check: re-building of vignette outputs
Result: WARN
Error(s) in re-building vignettes:
...
--- re-building ‘smm.Rnw’ using Sweave
Error: processing vignette 'smm.Rnw' failed with diagnostics:
Running 'texi2dvi' on 'smm.tex' failed.
LaTeX errors:
!pdfTeX error: pdflatex (file bbm10): Font bbm10 at 657 not found
==> Fatal error occurred, no output PDF file produced!
--- failed re-building ‘smm.Rnw’
SUMMARY: processing the following file failed:
‘smm.Rnw’
Error: Vignette re-building failed.
Execution halted
Flavor: r-oldrel-macos-arm64
These binaries (installable software) and packages are in development.
They may not be fully stable and should be used with caution. We make no claims about them.
Health stats visible at Monitor.