Last updated on 2025-02-23 19:51:20 CET.
Flavor | Version | Tinstall | Tcheck | Ttotal | Status | Flags |
---|---|---|---|---|---|---|
r-devel-linux-x86_64-debian-clang | 0.1.0 | 47.34 | 386.30 | 433.64 | OK | |
r-devel-linux-x86_64-debian-gcc | 0.1.0 | 35.44 | 275.11 | 310.55 | OK | |
r-devel-linux-x86_64-fedora-clang | 0.1.0 | 743.81 | NOTE | |||
r-devel-linux-x86_64-fedora-gcc | 0.1.0 | 708.38 | NOTE | |||
r-devel-macos-arm64 | 0.1.0 | 158.00 | OK | |||
r-devel-macos-x86_64 | 0.1.0 | 321.00 | OK | |||
r-devel-windows-x86_64 | 0.1.0 | 25.00 | 6.00 | 31.00 | ERROR | |
r-patched-linux-x86_64 | 0.1.0 | 43.87 | 326.89 | 370.76 | NOTE | |
r-release-linux-x86_64 | 0.1.0 | 42.93 | 322.51 | 365.44 | NOTE | |
r-release-macos-arm64 | 0.1.0 | 153.00 | NOTE | |||
r-release-macos-x86_64 | 0.1.0 | 255.00 | NOTE | |||
r-release-windows-x86_64 | 0.1.0 | 24.00 | 5.00 | 29.00 | ERROR | |
r-oldrel-macos-arm64 | 0.1.0 | 9.00 | ERROR | |||
r-oldrel-macos-x86_64 | 0.1.0 | 13.00 | ERROR | |||
r-oldrel-windows-x86_64 | 0.1.0 | 40.00 | 372.00 | 412.00 | NOTE |
Version: 0.1.0
Check: dependencies in R code
Result: NOTE
Namespace in Imports field not imported from: ‘utils’
All declared Imports should be used.
Flavors: r-devel-linux-x86_64-fedora-clang, r-devel-linux-x86_64-fedora-gcc
Version: 0.1.0
Check: whether package can be installed
Result: ERROR
Installation failed.
Flavors: r-devel-windows-x86_64, r-release-windows-x86_64
Version: 0.1.0
Check: LazyData
Result: NOTE
'LazyData' is specified without a 'data' directory
Flavors: r-patched-linux-x86_64, r-release-linux-x86_64, r-release-macos-arm64, r-release-macos-x86_64, r-oldrel-windows-x86_64
Version: 0.1.0
Check: package dependencies
Result: ERROR
Package required but not available: ‘GSVA’
See section ‘The DESCRIPTION file’ in the ‘Writing R Extensions’
manual.
Flavors: r-oldrel-macos-arm64, r-oldrel-macos-x86_64
These binaries (installable software) and packages are in development.
They may not be fully stable and should be used with caution. We make no claims about them.
Health stats visible at Monitor.