Last updated on 2025-05-03 13:51:09 CEST.
Flavor | Version | Tinstall | Tcheck | Ttotal | Status | Flags |
---|---|---|---|---|---|---|
r-devel-linux-x86_64-debian-clang | 0.1.4 | 31.03 | 24.97 | 56.00 | NOTE | |
r-devel-linux-x86_64-debian-gcc | 0.1.4 | 21.28 | 20.17 | 41.45 | NOTE | |
r-devel-linux-x86_64-fedora-clang | 0.1.4 | 102.26 | NOTE | |||
r-devel-linux-x86_64-fedora-gcc | 0.1.4 | 101.47 | NOTE | |||
r-devel-windows-x86_64 | 0.1.4 | 36.00 | 68.00 | 104.00 | NOTE | |
r-patched-linux-x86_64 | 0.1.4 | 30.18 | 23.76 | 53.94 | NOTE | |
r-release-linux-x86_64 | NOTE | |||||
r-release-macos-arm64 | 0.1.4 | 31.00 | NOTE | |||
r-release-macos-x86_64 | 0.1.4 | 46.00 | NOTE | |||
r-release-windows-x86_64 | 0.1.4 | 37.00 | 66.00 | 103.00 | NOTE | |
r-oldrel-macos-arm64 | 0.1.4 | 29.00 | NOTE | |||
r-oldrel-macos-x86_64 | 0.1.4 | 49.00 | NOTE | |||
r-oldrel-windows-x86_64 | 0.1.4 | 42.00 | 81.00 | 123.00 | NOTE |
Version: 0.1.4
Check: CRAN incoming feasibility
Result: NOTE
Maintainer: ‘Utz-Uwe Haus <uhaus@cray.com>’
Package CITATION file contains call(s) to old-style personList() or
as.personList(). Please use c() on person objects instead.
Found the following (possibly) invalid file URIs:
URI: github
From: README.md
URI: Win-Builder
From: README.md
Flavors: r-devel-linux-x86_64-debian-clang, r-devel-linux-x86_64-debian-gcc
Version: 0.1.4
Check: C++ specification
Result: NOTE
Specified C++11: please drop specification unless essential
Flavors: r-devel-linux-x86_64-debian-clang, r-devel-linux-x86_64-debian-gcc, r-devel-linux-x86_64-fedora-clang, r-devel-linux-x86_64-fedora-gcc, r-devel-windows-x86_64, r-patched-linux-x86_64, r-release-linux-x86_64, r-release-macos-arm64, r-release-macos-x86_64, r-release-windows-x86_64, r-oldrel-macos-arm64, r-oldrel-macos-x86_64, r-oldrel-windows-x86_64
These binaries (installable software) and packages are in development.
They may not be fully stable and should be used with caution. We make no claims about them.
Health stats visible at Monitor.